{"id":47791,"date":"2025-11-26T12:35:24","date_gmt":"2025-11-26T11:35:24","guid":{"rendered":"https:\/\/www.hirtenberg-apotheke.at\/katalog\/produkt\/rolta-soft-wattebinden-unsteril-20-stk-3-m-x-15-cm\/"},"modified":"2025-11-26T12:35:27","modified_gmt":"2025-11-26T11:35:27","slug":"rolta-soft-wattebinden-unsteril-20-stk-3-m-x-15-cm","status":"publish","type":"product","link":"https:\/\/www.hirtenberg-apotheke.at\/katalog\/produkt\/rolta-soft-wattebinden-unsteril-20-stk-3-m-x-15-cm\/","title":{"rendered":"Rolta Soft Wattebinden unsteril 20 Stk. 3 m x 15 cm"},"content":{"rendered":"<p>Rolta Soft Wattebinden unsteril aus nicht saugenden, gekr\u00e4uselten Polyesterfasern  weich und hautfreundlich, luft- und sekretdurchl\u00e4ssig, temperaturausgleichend  faltenfreier Sitz durch rutschsichere Eigenhaftung, einfach anzulegen, von Hand abrei\u00dfbar  sterilisierbar (Dampf A 121\u00b0C), strahlenindifferent.<\/p>\n","protected":false},"excerpt":{"rendered":"<p>Rolta Soft Wattebinden unsteril aus nicht saugenden, gekr\u00e4uselten Polyesterfasern weich und hautfreundlich, luft- und sekretdurchl\u00e4ssig, temperaturausgleichend faltenfreier Sitz durch rutschsichere Eigenhaftung, einfach anzulegen, von Hand abrei\u00dfbar sterilisierbar (Dampf A 121\u00b0C), strahlenindifferent.<\/p>\n","protected":false},"featured_media":47793,"template":"","meta":{"_acf_changed":false},"product_brand":[],"product_cat":[311],"product_tag":[],"class_list":{"0":"post-47791","1":"product","2":"type-product","3":"status-publish","4":"has-post-thumbnail","6":"product_cat-r","7":"pa_packungsgroesse-20-stueck","9":"first","10":"instock","11":"shipping-taxable","12":"purchasable","13":"product-type-simple"},"acf":[],"_links":{"self":[{"href":"https:\/\/www.hirtenberg-apotheke.at\/katalog\/wp-json\/wp\/v2\/product\/47791","targetHints":{"allow":["GET"]}}],"collection":[{"href":"https:\/\/www.hirtenberg-apotheke.at\/katalog\/wp-json\/wp\/v2\/product"}],"about":[{"href":"https:\/\/www.hirtenberg-apotheke.at\/katalog\/wp-json\/wp\/v2\/types\/product"}],"wp:featuredmedia":[{"embeddable":true,"href":"https:\/\/www.hirtenberg-apotheke.at\/katalog\/wp-json\/wp\/v2\/media\/47793"}],"wp:attachment":[{"href":"https:\/\/www.hirtenberg-apotheke.at\/katalog\/wp-json\/wp\/v2\/media?parent=47791"}],"wp:term":[{"taxonomy":"product_brand","embeddable":true,"href":"https:\/\/www.hirtenberg-apotheke.at\/katalog\/wp-json\/wp\/v2\/product_brand?post=47791"},{"taxonomy":"product_cat","embeddable":true,"href":"https:\/\/www.hirtenberg-apotheke.at\/katalog\/wp-json\/wp\/v2\/product_cat?post=47791"},{"taxonomy":"product_tag","embeddable":true,"href":"https:\/\/www.hirtenberg-apotheke.at\/katalog\/wp-json\/wp\/v2\/product_tag?post=47791"}],"curies":[{"name":"wp","href":"https:\/\/api.w.org\/{rel}","templated":true}]}}