{"id":48064,"date":"2025-11-26T12:40:39","date_gmt":"2025-11-26T11:40:39","guid":{"rendered":"https:\/\/www.hirtenberg-apotheke.at\/katalog\/produkt\/bullrich-heilerde-paste-200-ml\/"},"modified":"2025-11-26T12:40:42","modified_gmt":"2025-11-26T11:40:42","slug":"bullrich-heilerde-paste-200-ml","status":"publish","type":"product","link":"https:\/\/www.hirtenberg-apotheke.at\/katalog\/produkt\/bullrich-heilerde-paste-200-ml\/","title":{"rendered":"Bullrich Heilerde Paste 200 ml"},"content":{"rendered":"<p>Bullrich Heilerde Paste dient der unterst\u00fctzenden Behandlung von Muskel- und Gelenksbeschwerden, wie etwa bei Rheuma und Gicht. Die Paste verschafft auch Abhilfe bei Sportverletzungen, Hautproblemen, wie etwa Akne, und auch Hautentz\u00fcndungen oder oberfl\u00e4chlichen Entz\u00fcndungen der Venen (Krampfadern).<\/p>\n","protected":false},"excerpt":{"rendered":"<p>Bullrich Heilerde Paste dient der unterst\u00fctzenden Behandlung von Muskel- und Gelenksbeschwerden, wie etwa bei Rheuma und Gicht. Die Paste verschafft auch Abhilfe bei Sportverletzungen, Hautproblemen, wie etwa Akne, und auch Hautentz\u00fcndungen oder oberfl\u00e4chlichen Entz\u00fcndungen der Venen (Krampfadern).<\/p>\n","protected":false},"featured_media":0,"template":"","meta":{"_acf_changed":false},"product_brand":[],"product_cat":[292],"product_tag":[],"class_list":{"0":"post-48064","1":"product","2":"type-product","3":"status-publish","5":"product_cat-b","6":"pa_packungsgroesse-200ml","8":"first","9":"instock","10":"shipping-taxable","11":"purchasable","12":"product-type-simple"},"acf":[],"_links":{"self":[{"href":"https:\/\/www.hirtenberg-apotheke.at\/katalog\/wp-json\/wp\/v2\/product\/48064","targetHints":{"allow":["GET"]}}],"collection":[{"href":"https:\/\/www.hirtenberg-apotheke.at\/katalog\/wp-json\/wp\/v2\/product"}],"about":[{"href":"https:\/\/www.hirtenberg-apotheke.at\/katalog\/wp-json\/wp\/v2\/types\/product"}],"wp:attachment":[{"href":"https:\/\/www.hirtenberg-apotheke.at\/katalog\/wp-json\/wp\/v2\/media?parent=48064"}],"wp:term":[{"taxonomy":"product_brand","embeddable":true,"href":"https:\/\/www.hirtenberg-apotheke.at\/katalog\/wp-json\/wp\/v2\/product_brand?post=48064"},{"taxonomy":"product_cat","embeddable":true,"href":"https:\/\/www.hirtenberg-apotheke.at\/katalog\/wp-json\/wp\/v2\/product_cat?post=48064"},{"taxonomy":"product_tag","embeddable":true,"href":"https:\/\/www.hirtenberg-apotheke.at\/katalog\/wp-json\/wp\/v2\/product_tag?post=48064"}],"curies":[{"name":"wp","href":"https:\/\/api.w.org\/{rel}","templated":true}]}}