{"id":48515,"date":"2025-11-26T12:49:11","date_gmt":"2025-11-26T11:49:11","guid":{"rendered":"https:\/\/www.hirtenberg-apotheke.at\/katalog\/produkt\/kneipp-badekristalle-ruecken-wohl-60-g\/"},"modified":"2025-11-26T12:49:47","modified_gmt":"2025-11-26T11:49:47","slug":"kneipp-badekristalle-ruecken-wohl-60-g","status":"publish","type":"product","link":"https:\/\/www.hirtenberg-apotheke.at\/katalog\/produkt\/kneipp-badekristalle-ruecken-wohl-60-g\/","title":{"rendered":"Kneipp Badekristalle R\u00fccken Wohl 60 g"},"content":{"rendered":"<p>Die Kneipp Badekristalle R\u00fccken Wohl enthalten wertvollen Teufelskrallenextrakt und nat\u00fcrliches \u00e4therisches Cajeput\u00f6l. Sie durchw\u00e4rmen die Muskulatur und helfen, Verspannungen im R\u00fccken- und Nackenbereich wohltuend zu l\u00f6sen.<\/p>\n","protected":false},"excerpt":{"rendered":"<p>Die Kneipp Badekristalle R\u00fccken Wohl enthalten wertvollen Teufelskrallenextrakt und nat\u00fcrliches \u00e4therisches Cajeput\u00f6l. Sie durchw\u00e4rmen die Muskulatur und helfen, Verspannungen im R\u00fccken- und Nackenbereich wohltuend zu l\u00f6sen.<\/p>\n","protected":false},"featured_media":0,"template":"","meta":{"_acf_changed":false},"product_brand":[680],"product_cat":[387],"product_tag":[],"class_list":{"0":"post-48515","1":"product","2":"type-product","3":"status-publish","5":"product_brand-kneipp","6":"product_cat-k","7":"pa_packungsgroesse-60g","9":"first","10":"instock","11":"shipping-taxable","12":"purchasable","13":"product-type-simple"},"acf":[],"_links":{"self":[{"href":"https:\/\/www.hirtenberg-apotheke.at\/katalog\/wp-json\/wp\/v2\/product\/48515","targetHints":{"allow":["GET"]}}],"collection":[{"href":"https:\/\/www.hirtenberg-apotheke.at\/katalog\/wp-json\/wp\/v2\/product"}],"about":[{"href":"https:\/\/www.hirtenberg-apotheke.at\/katalog\/wp-json\/wp\/v2\/types\/product"}],"wp:attachment":[{"href":"https:\/\/www.hirtenberg-apotheke.at\/katalog\/wp-json\/wp\/v2\/media?parent=48515"}],"wp:term":[{"taxonomy":"product_brand","embeddable":true,"href":"https:\/\/www.hirtenberg-apotheke.at\/katalog\/wp-json\/wp\/v2\/product_brand?post=48515"},{"taxonomy":"product_cat","embeddable":true,"href":"https:\/\/www.hirtenberg-apotheke.at\/katalog\/wp-json\/wp\/v2\/product_cat?post=48515"},{"taxonomy":"product_tag","embeddable":true,"href":"https:\/\/www.hirtenberg-apotheke.at\/katalog\/wp-json\/wp\/v2\/product_tag?post=48515"}],"curies":[{"name":"wp","href":"https:\/\/api.w.org\/{rel}","templated":true}]}}