{"id":49274,"date":"2025-11-26T13:06:02","date_gmt":"2025-11-26T12:06:02","guid":{"rendered":"https:\/\/www.hirtenberg-apotheke.at\/katalog\/produkt\/dermaplast-active-sport-roll-on-50-ml\/"},"modified":"2025-11-26T13:06:22","modified_gmt":"2025-11-26T12:06:22","slug":"dermaplast-active-sport-roll-on-50-ml","status":"publish","type":"product","link":"https:\/\/www.hirtenberg-apotheke.at\/katalog\/produkt\/dermaplast-active-sport-roll-on-50-ml\/","title":{"rendered":"DermaPlast ACTIVE Sport Roll-On 50 ml"},"content":{"rendered":"<p>Der DermaPlast\u00ae ACTIVE Sport Roll-On 50 ml wirkt k\u00fchlend und schmerzlindernd nach k\u00f6rperlicher Anstrengung oder bei stumpfen Traumata wie Prellungen oder Zerrungen. Der k\u00fchlende Roll-on ist ideal zur lokalen Schmerzlinderung nach k\u00f6rperlicher Anstrengung oder bei stumpfen Traumata. Das k\u00fchlende Menthol kann mit dem Roller direkt auf die betroffene Stelle appliziert und einmassiert werden.<\/p>\n","protected":false},"excerpt":{"rendered":"<p>Der DermaPlast\u00ae ACTIVE Sport Roll-On 50 ml wirkt k\u00fchlend und schmerzlindernd nach k\u00f6rperlicher Anstrengung oder bei stumpfen Traumata wie Prellungen oder Zerrungen. Der k\u00fchlende Roll-on ist ideal zur lokalen Schmerzlinderung nach k\u00f6rperlicher Anstrengung oder bei stumpfen Traumata. Das k\u00fchlende Menthol kann mit dem Roller direkt auf die betroffene Stelle appliziert und einmassiert werden.<\/p>\n","protected":false},"featured_media":49276,"template":"","meta":{"_acf_changed":false},"product_brand":[],"product_cat":[295],"product_tag":[],"class_list":{"0":"post-49274","1":"product","2":"type-product","3":"status-publish","4":"has-post-thumbnail","6":"product_cat-d","7":"pa_packungsgroesse-50ml","9":"first","10":"instock","11":"shipping-taxable","12":"purchasable","13":"product-type-simple"},"acf":[],"_links":{"self":[{"href":"https:\/\/www.hirtenberg-apotheke.at\/katalog\/wp-json\/wp\/v2\/product\/49274","targetHints":{"allow":["GET"]}}],"collection":[{"href":"https:\/\/www.hirtenberg-apotheke.at\/katalog\/wp-json\/wp\/v2\/product"}],"about":[{"href":"https:\/\/www.hirtenberg-apotheke.at\/katalog\/wp-json\/wp\/v2\/types\/product"}],"wp:featuredmedia":[{"embeddable":true,"href":"https:\/\/www.hirtenberg-apotheke.at\/katalog\/wp-json\/wp\/v2\/media\/49276"}],"wp:attachment":[{"href":"https:\/\/www.hirtenberg-apotheke.at\/katalog\/wp-json\/wp\/v2\/media?parent=49274"}],"wp:term":[{"taxonomy":"product_brand","embeddable":true,"href":"https:\/\/www.hirtenberg-apotheke.at\/katalog\/wp-json\/wp\/v2\/product_brand?post=49274"},{"taxonomy":"product_cat","embeddable":true,"href":"https:\/\/www.hirtenberg-apotheke.at\/katalog\/wp-json\/wp\/v2\/product_cat?post=49274"},{"taxonomy":"product_tag","embeddable":true,"href":"https:\/\/www.hirtenberg-apotheke.at\/katalog\/wp-json\/wp\/v2\/product_tag?post=49274"}],"curies":[{"name":"wp","href":"https:\/\/api.w.org\/{rel}","templated":true}]}}