{"id":49402,"date":"2025-11-26T13:09:08","date_gmt":"2025-11-26T12:09:08","guid":{"rendered":"https:\/\/www.hirtenberg-apotheke.at\/katalog\/produkt\/life-light-kapseln-darm-vital-120-stk\/"},"modified":"2025-11-26T13:09:12","modified_gmt":"2025-11-26T12:09:12","slug":"life-light-kapseln-darm-vital-120-stk","status":"publish","type":"product","link":"https:\/\/www.hirtenberg-apotheke.at\/katalog\/produkt\/life-light-kapseln-darm-vital-120-stk\/","title":{"rendered":"Life Light Kapseln Darm Vital 120 Stk."},"content":{"rendered":"<p>Life Light Kapseln Darm Vital enthalten einen Wirkstoffkomplex mit den Vitaminen B6, Fols\u00e4ure und C. Das Pr\u00e4parat kann das pers\u00f6nliche Wohlbefinden unterst\u00fctzen. Es tr\u00e4gt zu einer normalen Kollagenbildung f\u00fcr normale Funktionen der Haut, des Zahnfleischs, der Z\u00e4hne, der Knochen und der Knorpel bei. Zudem unterst\u00fctzt es das Nervensystem, die psychische Funktion und dient zur Verringerung von M\u00fcdigkeit und Erm\u00fcdung.<\/p>\n","protected":false},"excerpt":{"rendered":"<p>Life Light Kapseln Darm Vital enthalten einen Wirkstoffkomplex mit den Vitaminen B6, Fols\u00e4ure und C. Das Pr\u00e4parat kann das pers\u00f6nliche Wohlbefinden unterst\u00fctzen. Es tr\u00e4gt zu einer normalen Kollagenbildung f\u00fcr normale Funktionen der Haut, des Zahnfleischs, der Z\u00e4hne, der Knochen und der Knorpel bei. Zudem unterst\u00fctzt es das Nervensystem, die psychische Funktion und dient zur Verringerung [&hellip;]<\/p>\n","protected":false},"featured_media":49404,"template":"","meta":{"_acf_changed":false},"product_brand":[],"product_cat":[317],"product_tag":[],"class_list":{"0":"post-49402","1":"product","2":"type-product","3":"status-publish","4":"has-post-thumbnail","6":"product_cat-l","7":"pa_packungsgroesse-120-stueck","9":"first","10":"instock","11":"shipping-taxable","12":"purchasable","13":"product-type-simple"},"acf":[],"_links":{"self":[{"href":"https:\/\/www.hirtenberg-apotheke.at\/katalog\/wp-json\/wp\/v2\/product\/49402","targetHints":{"allow":["GET"]}}],"collection":[{"href":"https:\/\/www.hirtenberg-apotheke.at\/katalog\/wp-json\/wp\/v2\/product"}],"about":[{"href":"https:\/\/www.hirtenberg-apotheke.at\/katalog\/wp-json\/wp\/v2\/types\/product"}],"wp:featuredmedia":[{"embeddable":true,"href":"https:\/\/www.hirtenberg-apotheke.at\/katalog\/wp-json\/wp\/v2\/media\/49404"}],"wp:attachment":[{"href":"https:\/\/www.hirtenberg-apotheke.at\/katalog\/wp-json\/wp\/v2\/media?parent=49402"}],"wp:term":[{"taxonomy":"product_brand","embeddable":true,"href":"https:\/\/www.hirtenberg-apotheke.at\/katalog\/wp-json\/wp\/v2\/product_brand?post=49402"},{"taxonomy":"product_cat","embeddable":true,"href":"https:\/\/www.hirtenberg-apotheke.at\/katalog\/wp-json\/wp\/v2\/product_cat?post=49402"},{"taxonomy":"product_tag","embeddable":true,"href":"https:\/\/www.hirtenberg-apotheke.at\/katalog\/wp-json\/wp\/v2\/product_tag?post=49402"}],"curies":[{"name":"wp","href":"https:\/\/api.w.org\/{rel}","templated":true}]}}