{"id":49694,"date":"2025-11-26T13:19:33","date_gmt":"2025-11-26T12:19:33","guid":{"rendered":"https:\/\/www.hirtenberg-apotheke.at\/katalog\/produkt\/massage-ball-igel-1-stk-orange-6-cm\/"},"modified":"2025-11-26T13:20:37","modified_gmt":"2025-11-26T12:20:37","slug":"massage-ball-igel-1-stk-orange-6-cm","status":"publish","type":"product","link":"https:\/\/www.hirtenberg-apotheke.at\/katalog\/produkt\/massage-ball-igel-1-stk-orange-6-cm\/","title":{"rendered":"Massage-Ball Igel 1 Stk. Orange 6 cm"},"content":{"rendered":"<p>Massage-Ball Igel, auch Noppenball genannt, ist f\u00fcr verschiedenste Zwecke bestens geeignet. Ob zur Massage, f\u00fcr den Einsatz in der Physiotherapie f\u00fcr Greif\u00fcbungen oder um Schmerzen zu lindern, mit diesem Ball liegen Sie immer richtig.<\/p>\n","protected":false},"excerpt":{"rendered":"<p>Massage-Ball Igel, auch Noppenball genannt, ist f\u00fcr verschiedenste Zwecke bestens geeignet. Ob zur Massage, f\u00fcr den Einsatz in der Physiotherapie f\u00fcr Greif\u00fcbungen oder um Schmerzen zu lindern, mit diesem Ball liegen Sie immer richtig.<\/p>\n","protected":false},"featured_media":49696,"template":"","meta":{"_acf_changed":false},"product_brand":[],"product_cat":[308],"product_tag":[],"class_list":{"0":"post-49694","1":"product","2":"type-product","3":"status-publish","4":"has-post-thumbnail","6":"product_cat-m","7":"pa_packungsgroesse-1-stueck","9":"first","10":"instock","11":"shipping-taxable","12":"purchasable","13":"product-type-simple"},"acf":[],"_links":{"self":[{"href":"https:\/\/www.hirtenberg-apotheke.at\/katalog\/wp-json\/wp\/v2\/product\/49694","targetHints":{"allow":["GET"]}}],"collection":[{"href":"https:\/\/www.hirtenberg-apotheke.at\/katalog\/wp-json\/wp\/v2\/product"}],"about":[{"href":"https:\/\/www.hirtenberg-apotheke.at\/katalog\/wp-json\/wp\/v2\/types\/product"}],"wp:featuredmedia":[{"embeddable":true,"href":"https:\/\/www.hirtenberg-apotheke.at\/katalog\/wp-json\/wp\/v2\/media\/49696"}],"wp:attachment":[{"href":"https:\/\/www.hirtenberg-apotheke.at\/katalog\/wp-json\/wp\/v2\/media?parent=49694"}],"wp:term":[{"taxonomy":"product_brand","embeddable":true,"href":"https:\/\/www.hirtenberg-apotheke.at\/katalog\/wp-json\/wp\/v2\/product_brand?post=49694"},{"taxonomy":"product_cat","embeddable":true,"href":"https:\/\/www.hirtenberg-apotheke.at\/katalog\/wp-json\/wp\/v2\/product_cat?post=49694"},{"taxonomy":"product_tag","embeddable":true,"href":"https:\/\/www.hirtenberg-apotheke.at\/katalog\/wp-json\/wp\/v2\/product_tag?post=49694"}],"curies":[{"name":"wp","href":"https:\/\/api.w.org\/{rel}","templated":true}]}}