{"id":49764,"date":"2025-11-26T13:21:42","date_gmt":"2025-11-26T12:21:42","guid":{"rendered":"https:\/\/www.hirtenberg-apotheke.at\/katalog\/produkt\/casida-magnesiumoel-vital-mit-zechsteinmagnesium-1000ml\/"},"modified":"2025-11-26T13:22:20","modified_gmt":"2025-11-26T12:22:20","slug":"casida-magnesiumoel-vital-mit-zechsteinmagnesium-1000ml","status":"publish","type":"product","link":"https:\/\/www.hirtenberg-apotheke.at\/katalog\/produkt\/casida-magnesiumoel-vital-mit-zechsteinmagnesium-1000ml\/","title":{"rendered":"Casida MAGNESIUM\u00d6L VITAL mit Zechsteinmagnesium &#8211; 1000ml"},"content":{"rendered":"<p>Magnesium\u00f6l mit h\u00f6chster Qualit\u00e4t und Reinheit. Ohne chemische Zus\u00e4tze. Praktisches Auftragen direkt auf die Haut und die beanspruchte Muskulatur. Regenerierend und entspannend f\u00fcr K\u00f6rper und Geist.<\/p>\n","protected":false},"excerpt":{"rendered":"<p>Magnesium\u00f6l mit h\u00f6chster Qualit\u00e4t und Reinheit. Ohne chemische Zus\u00e4tze. Praktisches Auftragen direkt auf die Haut und die beanspruchte Muskulatur. Regenerierend und entspannend f\u00fcr K\u00f6rper und Geist.<\/p>\n","protected":false},"featured_media":49766,"template":"","meta":{"_acf_changed":false},"product_brand":[],"product_cat":[337],"product_tag":[],"class_list":{"0":"post-49764","1":"product","2":"type-product","3":"status-publish","4":"has-post-thumbnail","6":"product_cat-c","7":"pa_packungsgroesse-1l","9":"first","10":"instock","11":"shipping-taxable","12":"purchasable","13":"product-type-simple"},"acf":[],"_links":{"self":[{"href":"https:\/\/www.hirtenberg-apotheke.at\/katalog\/wp-json\/wp\/v2\/product\/49764","targetHints":{"allow":["GET"]}}],"collection":[{"href":"https:\/\/www.hirtenberg-apotheke.at\/katalog\/wp-json\/wp\/v2\/product"}],"about":[{"href":"https:\/\/www.hirtenberg-apotheke.at\/katalog\/wp-json\/wp\/v2\/types\/product"}],"wp:featuredmedia":[{"embeddable":true,"href":"https:\/\/www.hirtenberg-apotheke.at\/katalog\/wp-json\/wp\/v2\/media\/49766"}],"wp:attachment":[{"href":"https:\/\/www.hirtenberg-apotheke.at\/katalog\/wp-json\/wp\/v2\/media?parent=49764"}],"wp:term":[{"taxonomy":"product_brand","embeddable":true,"href":"https:\/\/www.hirtenberg-apotheke.at\/katalog\/wp-json\/wp\/v2\/product_brand?post=49764"},{"taxonomy":"product_cat","embeddable":true,"href":"https:\/\/www.hirtenberg-apotheke.at\/katalog\/wp-json\/wp\/v2\/product_cat?post=49764"},{"taxonomy":"product_tag","embeddable":true,"href":"https:\/\/www.hirtenberg-apotheke.at\/katalog\/wp-json\/wp\/v2\/product_tag?post=49764"}],"curies":[{"name":"wp","href":"https:\/\/api.w.org\/{rel}","templated":true}]}}