{"id":50073,"date":"2025-11-26T13:28:48","date_gmt":"2025-11-26T12:28:48","guid":{"rendered":"https:\/\/www.hirtenberg-apotheke.at\/katalog\/produkt\/melisse-200mg-kapseln\/"},"modified":"2025-11-26T13:29:11","modified_gmt":"2025-11-26T12:29:11","slug":"melisse-200mg-kapseln","status":"publish","type":"product","link":"https:\/\/www.hirtenberg-apotheke.at\/katalog\/produkt\/melisse-200mg-kapseln\/","title":{"rendered":"Melisse 200mg Kapseln"},"content":{"rendered":"<p>Gall Pharma Melisse 200 mg Kapseln enthalten 200 mg Melissenextrakt in einer Hartgelatinekapsel. Reiz\u00fcberflutung von au\u00dfen und Stress \u00e4u\u00dfern sich vielfach in einem beeintr\u00e4chtigten Schlafrhythmus und Unruhezust\u00e4nden. Auch Frauen im Wechsel leiden sehr oft unter diesen Symptomen. Durch die beruhigende Eigenschaft der Melisse kann diese sowohl bei Einschlaf- als auch bei Durchschlafst\u00f6rungen Abhilfe schaffen, allgemeine Erregungszust\u00e4nde lindern und somit zu einer Verbesserung des Allgemeinbefindens beitragen. Daneben hat die Melisse durch ihre gallentreibenden und krampfl\u00f6senden Eigenschaften einen positiven Einfluss auf die Verdauung und wird vielfach bei Magen-Darm-St\u00f6rungen angewendet.<\/p>\n","protected":false},"excerpt":{"rendered":"<p>Gall Pharma Melisse 200 mg Kapseln enthalten 200 mg Melissenextrakt in einer Hartgelatinekapsel. Reiz\u00fcberflutung von au\u00dfen und Stress \u00e4u\u00dfern sich vielfach in einem beeintr\u00e4chtigten Schlafrhythmus und Unruhezust\u00e4nden. Auch Frauen im Wechsel leiden sehr oft unter diesen Symptomen. Durch die beruhigende Eigenschaft der Melisse kann diese sowohl bei Einschlaf- als auch bei Durchschlafst\u00f6rungen Abhilfe schaffen, allgemeine [&hellip;]<\/p>\n","protected":false},"featured_media":0,"template":"","meta":{"_acf_changed":false},"product_brand":[316],"product_cat":[308],"product_tag":[],"class_list":{"0":"post-50073","1":"product","2":"type-product","3":"status-publish","5":"product_brand-gall-pharma","6":"product_cat-m","7":"pa_packungsgroesse-60-stueck","9":"first","10":"instock","11":"shipping-taxable","12":"purchasable","13":"product-type-simple"},"acf":[],"_links":{"self":[{"href":"https:\/\/www.hirtenberg-apotheke.at\/katalog\/wp-json\/wp\/v2\/product\/50073","targetHints":{"allow":["GET"]}}],"collection":[{"href":"https:\/\/www.hirtenberg-apotheke.at\/katalog\/wp-json\/wp\/v2\/product"}],"about":[{"href":"https:\/\/www.hirtenberg-apotheke.at\/katalog\/wp-json\/wp\/v2\/types\/product"}],"wp:attachment":[{"href":"https:\/\/www.hirtenberg-apotheke.at\/katalog\/wp-json\/wp\/v2\/media?parent=50073"}],"wp:term":[{"taxonomy":"product_brand","embeddable":true,"href":"https:\/\/www.hirtenberg-apotheke.at\/katalog\/wp-json\/wp\/v2\/product_brand?post=50073"},{"taxonomy":"product_cat","embeddable":true,"href":"https:\/\/www.hirtenberg-apotheke.at\/katalog\/wp-json\/wp\/v2\/product_cat?post=50073"},{"taxonomy":"product_tag","embeddable":true,"href":"https:\/\/www.hirtenberg-apotheke.at\/katalog\/wp-json\/wp\/v2\/product_tag?post=50073"}],"curies":[{"name":"wp","href":"https:\/\/api.w.org\/{rel}","templated":true}]}}