{"id":50533,"date":"2025-11-26T13:38:50","date_gmt":"2025-11-26T12:38:50","guid":{"rendered":"https:\/\/www.hirtenberg-apotheke.at\/katalog\/produkt\/bioderma-sebium-gel-commant-100-ml\/"},"modified":"2025-11-26T13:39:01","modified_gmt":"2025-11-26T12:39:01","slug":"bioderma-sebium-gel-commant-100-ml","status":"publish","type":"product","link":"https:\/\/www.hirtenberg-apotheke.at\/katalog\/produkt\/bioderma-sebium-gel-commant-100-ml\/","title":{"rendered":"Bioderma S\u00e9bium Gel Commant 100 ml"},"content":{"rendered":"<p>Bioderma S\u00e9bium Gel Commant 100 ml ist ein kl\u00e4rendes Peeling-Gel bei Mischhaut und \u00f6liger Haut mit Unreinheiten. Auch bei Akne geeignet. Reinigt porentief und gl\u00e4ttet das Hautbild. Angenehmer Duft. Ohne Mikroplastik. Ohne Parabene.<\/p>\n","protected":false},"excerpt":{"rendered":"<p>Bioderma S\u00e9bium Gel Commant 100 ml ist ein kl\u00e4rendes Peeling-Gel bei Mischhaut und \u00f6liger Haut mit Unreinheiten. Auch bei Akne geeignet. Reinigt porentief und gl\u00e4ttet das Hautbild. Angenehmer Duft. Ohne Mikroplastik. Ohne Parabene.<\/p>\n","protected":false},"featured_media":50535,"template":"","meta":{"_acf_changed":false},"product_brand":[675],"product_cat":[292],"product_tag":[],"class_list":{"0":"post-50533","1":"product","2":"type-product","3":"status-publish","4":"has-post-thumbnail","6":"product_brand-bioderma","7":"product_cat-b","8":"pa_packungsgroesse-100ml","10":"first","11":"instock","12":"shipping-taxable","13":"purchasable","14":"product-type-simple"},"acf":[],"_links":{"self":[{"href":"https:\/\/www.hirtenberg-apotheke.at\/katalog\/wp-json\/wp\/v2\/product\/50533","targetHints":{"allow":["GET"]}}],"collection":[{"href":"https:\/\/www.hirtenberg-apotheke.at\/katalog\/wp-json\/wp\/v2\/product"}],"about":[{"href":"https:\/\/www.hirtenberg-apotheke.at\/katalog\/wp-json\/wp\/v2\/types\/product"}],"wp:featuredmedia":[{"embeddable":true,"href":"https:\/\/www.hirtenberg-apotheke.at\/katalog\/wp-json\/wp\/v2\/media\/50535"}],"wp:attachment":[{"href":"https:\/\/www.hirtenberg-apotheke.at\/katalog\/wp-json\/wp\/v2\/media?parent=50533"}],"wp:term":[{"taxonomy":"product_brand","embeddable":true,"href":"https:\/\/www.hirtenberg-apotheke.at\/katalog\/wp-json\/wp\/v2\/product_brand?post=50533"},{"taxonomy":"product_cat","embeddable":true,"href":"https:\/\/www.hirtenberg-apotheke.at\/katalog\/wp-json\/wp\/v2\/product_cat?post=50533"},{"taxonomy":"product_tag","embeddable":true,"href":"https:\/\/www.hirtenberg-apotheke.at\/katalog\/wp-json\/wp\/v2\/product_tag?post=50533"}],"curies":[{"name":"wp","href":"https:\/\/api.w.org\/{rel}","templated":true}]}}