{"id":50671,"date":"2025-11-26T13:41:59","date_gmt":"2025-11-26T12:41:59","guid":{"rendered":"https:\/\/www.hirtenberg-apotheke.at\/katalog\/produkt\/krankenunterlage-attends-plus-7-stk-80-x-170-cm\/"},"modified":"2025-11-26T13:42:02","modified_gmt":"2025-11-26T12:42:02","slug":"krankenunterlage-attends-plus-7-stk-80-x-170-cm","status":"publish","type":"product","link":"https:\/\/www.hirtenberg-apotheke.at\/katalog\/produkt\/krankenunterlage-attends-plus-7-stk-80-x-170-cm\/","title":{"rendered":"Krankenunterlage Attends Plus 7 Stk. 80 x 170 cm"},"content":{"rendered":"<p>Krankenunterlage Attends Plus ist eine Einmal-Schutzauflage mit weicher Oberfl\u00e4che. Die innovative Wabenstruktur optimiert die Fl\u00fcssigkeitsverteilung und -aufnahme. Jede Wabe enth\u00e4lt Superabsorber, der die Fl\u00fcssigkeit in Gel umwandelt und somit Auslaufen verhindert. Das Bett ist vor Verschmutzungen gesch\u00fctzt und Ihre Haut geschont.<\/p>\n","protected":false},"excerpt":{"rendered":"<p>Krankenunterlage Attends Plus ist eine Einmal-Schutzauflage mit weicher Oberfl\u00e4che. Die innovative Wabenstruktur optimiert die Fl\u00fcssigkeitsverteilung und -aufnahme. Jede Wabe enth\u00e4lt Superabsorber, der die Fl\u00fcssigkeit in Gel umwandelt und somit Auslaufen verhindert. Das Bett ist vor Verschmutzungen gesch\u00fctzt und Ihre Haut geschont.<\/p>\n","protected":false},"featured_media":50673,"template":"","meta":{"_acf_changed":false},"product_brand":[803],"product_cat":[387],"product_tag":[],"class_list":{"0":"post-50671","1":"product","2":"type-product","3":"status-publish","4":"has-post-thumbnail","6":"product_brand-attends","7":"product_cat-k","8":"pa_packungsgroesse-7-stueck","10":"first","11":"instock","12":"shipping-taxable","13":"purchasable","14":"product-type-simple"},"acf":[],"_links":{"self":[{"href":"https:\/\/www.hirtenberg-apotheke.at\/katalog\/wp-json\/wp\/v2\/product\/50671","targetHints":{"allow":["GET"]}}],"collection":[{"href":"https:\/\/www.hirtenberg-apotheke.at\/katalog\/wp-json\/wp\/v2\/product"}],"about":[{"href":"https:\/\/www.hirtenberg-apotheke.at\/katalog\/wp-json\/wp\/v2\/types\/product"}],"wp:featuredmedia":[{"embeddable":true,"href":"https:\/\/www.hirtenberg-apotheke.at\/katalog\/wp-json\/wp\/v2\/media\/50673"}],"wp:attachment":[{"href":"https:\/\/www.hirtenberg-apotheke.at\/katalog\/wp-json\/wp\/v2\/media?parent=50671"}],"wp:term":[{"taxonomy":"product_brand","embeddable":true,"href":"https:\/\/www.hirtenberg-apotheke.at\/katalog\/wp-json\/wp\/v2\/product_brand?post=50671"},{"taxonomy":"product_cat","embeddable":true,"href":"https:\/\/www.hirtenberg-apotheke.at\/katalog\/wp-json\/wp\/v2\/product_cat?post=50671"},{"taxonomy":"product_tag","embeddable":true,"href":"https:\/\/www.hirtenberg-apotheke.at\/katalog\/wp-json\/wp\/v2\/product_tag?post=50671"}],"curies":[{"name":"wp","href":"https:\/\/api.w.org\/{rel}","templated":true}]}}