{"id":51325,"date":"2025-11-26T13:55:22","date_gmt":"2025-11-26T12:55:22","guid":{"rendered":"https:\/\/www.hirtenberg-apotheke.at\/katalog\/produkt\/guam-north-east-bad-und-dusche-250-ml\/"},"modified":"2025-11-26T13:55:53","modified_gmt":"2025-11-26T12:55:53","slug":"guam-north-east-bad-und-dusche-250-ml","status":"publish","type":"product","link":"https:\/\/www.hirtenberg-apotheke.at\/katalog\/produkt\/guam-north-east-bad-und-dusche-250-ml\/","title":{"rendered":"Guam North-east Bad und Dusche 250 ml"},"content":{"rendered":"<p>Guam North-east Bad und Dusche wirkt pflegend auf die Haut und trocknet sie nicht aus. Dank der nat\u00fcrlichen Pflanzenextrakte ist diese Duschlotion ein extra mildes Pflegeprodukt, welches sich f\u00fcr die t\u00e4gliche Dusche und auch zum Waschen der Haare eignet. Macht Haut und Haare geschmeidig und verleiht mehr F\u00fclle und Glanz!.<\/p>\n","protected":false},"excerpt":{"rendered":"<p>Guam North-east Bad und Dusche wirkt pflegend auf die Haut und trocknet sie nicht aus. Dank der nat\u00fcrlichen Pflanzenextrakte ist diese Duschlotion ein extra mildes Pflegeprodukt, welches sich f\u00fcr die t\u00e4gliche Dusche und auch zum Waschen der Haare eignet. Macht Haut und Haare geschmeidig und verleiht mehr F\u00fclle und Glanz!.<\/p>\n","protected":false},"featured_media":0,"template":"","meta":{"_acf_changed":false},"product_brand":[],"product_cat":[328],"product_tag":[],"class_list":{"0":"post-51325","1":"product","2":"type-product","3":"status-publish","5":"product_cat-g","6":"pa_packungsgroesse-250ml","8":"first","9":"instock","10":"shipping-taxable","11":"purchasable","12":"product-type-simple"},"acf":[],"_links":{"self":[{"href":"https:\/\/www.hirtenberg-apotheke.at\/katalog\/wp-json\/wp\/v2\/product\/51325","targetHints":{"allow":["GET"]}}],"collection":[{"href":"https:\/\/www.hirtenberg-apotheke.at\/katalog\/wp-json\/wp\/v2\/product"}],"about":[{"href":"https:\/\/www.hirtenberg-apotheke.at\/katalog\/wp-json\/wp\/v2\/types\/product"}],"wp:attachment":[{"href":"https:\/\/www.hirtenberg-apotheke.at\/katalog\/wp-json\/wp\/v2\/media?parent=51325"}],"wp:term":[{"taxonomy":"product_brand","embeddable":true,"href":"https:\/\/www.hirtenberg-apotheke.at\/katalog\/wp-json\/wp\/v2\/product_brand?post=51325"},{"taxonomy":"product_cat","embeddable":true,"href":"https:\/\/www.hirtenberg-apotheke.at\/katalog\/wp-json\/wp\/v2\/product_cat?post=51325"},{"taxonomy":"product_tag","embeddable":true,"href":"https:\/\/www.hirtenberg-apotheke.at\/katalog\/wp-json\/wp\/v2\/product_tag?post=51325"}],"curies":[{"name":"wp","href":"https:\/\/api.w.org\/{rel}","templated":true}]}}