{"id":51851,"date":"2025-11-26T14:06:54","date_gmt":"2025-11-26T13:06:54","guid":{"rendered":"https:\/\/www.hirtenberg-apotheke.at\/katalog\/produkt\/metacare-b-complex-kapseln-60-stk\/"},"modified":"2025-11-26T14:07:50","modified_gmt":"2025-11-26T13:07:50","slug":"metacare-b-complex-kapseln-60-stk","status":"publish","type":"product","link":"https:\/\/www.hirtenberg-apotheke.at\/katalog\/produkt\/metacare-b-complex-kapseln-60-stk\/","title":{"rendered":"Metacare B-Complex Kapseln 60 Stk."},"content":{"rendered":"<p>Metacare B-Complex Kapseln dienen zur Behandlung von Konzentrationsst\u00f6rungen, Hyperaktivit\u00e4t und ADHS. B-Vitamine ben\u00f6tigt der K\u00f6rper immer dann, wenn die Nervenbelastung st\u00e4rker wird. Dies ist vor allem wichtig f\u00fcr Menschen, die zum Beispiel durch Sport oder starken Stress diese Vitalstoffe in zu hohem Ma\u00dfe ausscheiden.<\/p>\n","protected":false},"excerpt":{"rendered":"<p>Metacare B-Complex Kapseln dienen zur Behandlung von Konzentrationsst\u00f6rungen, Hyperaktivit\u00e4t und ADHS. B-Vitamine ben\u00f6tigt der K\u00f6rper immer dann, wenn die Nervenbelastung st\u00e4rker wird. Dies ist vor allem wichtig f\u00fcr Menschen, die zum Beispiel durch Sport oder starken Stress diese Vitalstoffe in zu hohem Ma\u00dfe ausscheiden.<\/p>\n","protected":false},"featured_media":0,"template":"","meta":{"_acf_changed":false},"product_brand":[],"product_cat":[308],"product_tag":[],"class_list":{"0":"post-51851","1":"product","2":"type-product","3":"status-publish","5":"product_cat-m","6":"pa_packungsgroesse-60-stueck","8":"first","9":"instock","10":"shipping-taxable","11":"purchasable","12":"product-type-simple"},"acf":[],"_links":{"self":[{"href":"https:\/\/www.hirtenberg-apotheke.at\/katalog\/wp-json\/wp\/v2\/product\/51851","targetHints":{"allow":["GET"]}}],"collection":[{"href":"https:\/\/www.hirtenberg-apotheke.at\/katalog\/wp-json\/wp\/v2\/product"}],"about":[{"href":"https:\/\/www.hirtenberg-apotheke.at\/katalog\/wp-json\/wp\/v2\/types\/product"}],"wp:attachment":[{"href":"https:\/\/www.hirtenberg-apotheke.at\/katalog\/wp-json\/wp\/v2\/media?parent=51851"}],"wp:term":[{"taxonomy":"product_brand","embeddable":true,"href":"https:\/\/www.hirtenberg-apotheke.at\/katalog\/wp-json\/wp\/v2\/product_brand?post=51851"},{"taxonomy":"product_cat","embeddable":true,"href":"https:\/\/www.hirtenberg-apotheke.at\/katalog\/wp-json\/wp\/v2\/product_cat?post=51851"},{"taxonomy":"product_tag","embeddable":true,"href":"https:\/\/www.hirtenberg-apotheke.at\/katalog\/wp-json\/wp\/v2\/product_tag?post=51851"}],"curies":[{"name":"wp","href":"https:\/\/api.w.org\/{rel}","templated":true}]}}