{"id":51954,"date":"2025-11-26T14:09:41","date_gmt":"2025-11-26T13:09:41","guid":{"rendered":"https:\/\/www.hirtenberg-apotheke.at\/katalog\/produkt\/schachtelhalm-tr-100-ml\/"},"modified":"2025-11-26T14:09:52","modified_gmt":"2025-11-26T13:09:52","slug":"schachtelhalm-tr-100-ml","status":"publish","type":"product","link":"https:\/\/www.hirtenberg-apotheke.at\/katalog\/produkt\/schachtelhalm-tr-100-ml\/","title":{"rendered":"Schachtelhalm Tr 100 ml"},"content":{"rendered":"<p>Gall Pharma beliefert \u00f6sterreichweit den pharmazeutischen Gro\u00e1handel, Apotheken und Drogerien so wie mit einem Teil des Sortiments ausgew\u00e4hlte Vertriebspartner in verschiedenen EU-Staaten.Die Produktgruppen bestehen aus einer Vielzahl nat\u00fcrlicher Produkte und individueller Mischungen. Alle Produkte entsprechen \u00f6sterreichischem bzw. EU-Recht, sind bei der Gesundheitsbeh\u00f6rde gemeldet und uneingeschr\u00e4nkt verkehrsf\u00e4hig.<\/p>\n","protected":false},"excerpt":{"rendered":"<p>Gall Pharma beliefert \u00f6sterreichweit den pharmazeutischen Gro\u00e1handel, Apotheken und Drogerien so wie mit einem Teil des Sortiments ausgew\u00e4hlte Vertriebspartner in verschiedenen EU-Staaten.Die Produktgruppen bestehen aus einer Vielzahl nat\u00fcrlicher Produkte und individueller Mischungen. Alle Produkte entsprechen \u00f6sterreichischem bzw. EU-Recht, sind bei der Gesundheitsbeh\u00f6rde gemeldet und uneingeschr\u00e4nkt verkehrsf\u00e4hig.<\/p>\n","protected":false},"featured_media":0,"template":"","meta":{"_acf_changed":false},"product_brand":[],"product_cat":[303],"product_tag":[],"class_list":{"0":"post-51954","1":"product","2":"type-product","3":"status-publish","5":"product_cat-s","6":"pa_packungsgroesse-100ml","8":"first","9":"instock","10":"shipping-taxable","11":"purchasable","12":"product-type-simple"},"acf":[],"_links":{"self":[{"href":"https:\/\/www.hirtenberg-apotheke.at\/katalog\/wp-json\/wp\/v2\/product\/51954","targetHints":{"allow":["GET"]}}],"collection":[{"href":"https:\/\/www.hirtenberg-apotheke.at\/katalog\/wp-json\/wp\/v2\/product"}],"about":[{"href":"https:\/\/www.hirtenberg-apotheke.at\/katalog\/wp-json\/wp\/v2\/types\/product"}],"wp:attachment":[{"href":"https:\/\/www.hirtenberg-apotheke.at\/katalog\/wp-json\/wp\/v2\/media?parent=51954"}],"wp:term":[{"taxonomy":"product_brand","embeddable":true,"href":"https:\/\/www.hirtenberg-apotheke.at\/katalog\/wp-json\/wp\/v2\/product_brand?post=51954"},{"taxonomy":"product_cat","embeddable":true,"href":"https:\/\/www.hirtenberg-apotheke.at\/katalog\/wp-json\/wp\/v2\/product_cat?post=51954"},{"taxonomy":"product_tag","embeddable":true,"href":"https:\/\/www.hirtenberg-apotheke.at\/katalog\/wp-json\/wp\/v2\/product_tag?post=51954"}],"curies":[{"name":"wp","href":"https:\/\/api.w.org\/{rel}","templated":true}]}}