{"id":51996,"date":"2025-11-26T14:10:41","date_gmt":"2025-11-26T13:10:41","guid":{"rendered":"https:\/\/www.hirtenberg-apotheke.at\/katalog\/produkt\/kneipp-hautzartes-creme-oel-peeling-40-ml\/"},"modified":"2025-11-26T14:10:51","modified_gmt":"2025-11-26T13:10:51","slug":"kneipp-hautzartes-creme-oel-peeling-40-ml","status":"publish","type":"product","link":"https:\/\/www.hirtenberg-apotheke.at\/katalog\/produkt\/kneipp-hautzartes-creme-oel-peeling-40-ml\/","title":{"rendered":"Kneipp Hautzartes Creme-\u00d6l Peeling 40 ml"},"content":{"rendered":"<p>Kneipp Hautzartes Creme-\u00d6l Peeling 40 ml mit der einzigartigen Kombination aus feinen Zuckerkristallen und einer reichhaltigen \u00d6l-Creme l\u00e4sst Ihre Haut in neuem Licht erstrahlen! Das Kneipp\u00ae Hautzarte Creme-\u00d6l-Peeling entfernt \u00fcbersch\u00fcssige Hautsch\u00fcppchen sanft, w\u00e4hrend die reichhaltige Verw\u00f6hncreme mit wertvollem Mandel\u00f6l Ihre Haut intensiv n\u00e4hrt &#8211; dieses und viele weitere Markenprodukte zu Sonderpreisen bestellen!<\/p>\n","protected":false},"excerpt":{"rendered":"<p>Kneipp Hautzartes Creme-\u00d6l Peeling 40 ml mit der einzigartigen Kombination aus feinen Zuckerkristallen und einer reichhaltigen \u00d6l-Creme l\u00e4sst Ihre Haut in neuem Licht erstrahlen! Das Kneipp\u00ae Hautzarte Creme-\u00d6l-Peeling entfernt \u00fcbersch\u00fcssige Hautsch\u00fcppchen sanft, w\u00e4hrend die reichhaltige Verw\u00f6hncreme mit wertvollem Mandel\u00f6l Ihre Haut intensiv n\u00e4hrt &#8211; dieses und viele weitere Markenprodukte zu Sonderpreisen bestellen!<\/p>\n","protected":false},"featured_media":51998,"template":"","meta":{"_acf_changed":false},"product_brand":[680],"product_cat":[387],"product_tag":[],"class_list":{"0":"post-51996","1":"product","2":"type-product","3":"status-publish","4":"has-post-thumbnail","6":"product_brand-kneipp","7":"product_cat-k","8":"pa_packungsgroesse-40ml","10":"first","11":"instock","12":"shipping-taxable","13":"purchasable","14":"product-type-simple"},"acf":[],"_links":{"self":[{"href":"https:\/\/www.hirtenberg-apotheke.at\/katalog\/wp-json\/wp\/v2\/product\/51996","targetHints":{"allow":["GET"]}}],"collection":[{"href":"https:\/\/www.hirtenberg-apotheke.at\/katalog\/wp-json\/wp\/v2\/product"}],"about":[{"href":"https:\/\/www.hirtenberg-apotheke.at\/katalog\/wp-json\/wp\/v2\/types\/product"}],"wp:featuredmedia":[{"embeddable":true,"href":"https:\/\/www.hirtenberg-apotheke.at\/katalog\/wp-json\/wp\/v2\/media\/51998"}],"wp:attachment":[{"href":"https:\/\/www.hirtenberg-apotheke.at\/katalog\/wp-json\/wp\/v2\/media?parent=51996"}],"wp:term":[{"taxonomy":"product_brand","embeddable":true,"href":"https:\/\/www.hirtenberg-apotheke.at\/katalog\/wp-json\/wp\/v2\/product_brand?post=51996"},{"taxonomy":"product_cat","embeddable":true,"href":"https:\/\/www.hirtenberg-apotheke.at\/katalog\/wp-json\/wp\/v2\/product_cat?post=51996"},{"taxonomy":"product_tag","embeddable":true,"href":"https:\/\/www.hirtenberg-apotheke.at\/katalog\/wp-json\/wp\/v2\/product_tag?post=51996"}],"curies":[{"name":"wp","href":"https:\/\/api.w.org\/{rel}","templated":true}]}}