{"id":52087,"date":"2025-11-26T14:12:07","date_gmt":"2025-11-26T13:12:07","guid":{"rendered":"https:\/\/www.hirtenberg-apotheke.at\/katalog\/produkt\/skeletin-kapseln-135-st\/"},"modified":"2025-11-26T14:13:03","modified_gmt":"2025-11-26T13:13:03","slug":"skeletin-kapseln-135-st","status":"publish","type":"product","link":"https:\/\/www.hirtenberg-apotheke.at\/katalog\/produkt\/skeletin-kapseln-135-st\/","title":{"rendered":"SKELETIN Kapseln 135 ST"},"content":{"rendered":"<p>Skeletin Kapseln sind ein Nahrungserg\u00e4nzungsmittel mit Fischbein des Tintenfisches, Mangan, Collagen-Hydrolysat und antioxidativ ern\u00e4hrungsuntest\u00fctzenden Pflanzenextrakten. Skeletin kann den K\u00f6rper bei der Harmonisierung der Meridiane, der Gelenke, Haut und Knochen unterst\u00fctzen.<\/p>\n","protected":false},"excerpt":{"rendered":"<p>Skeletin Kapseln sind ein Nahrungserg\u00e4nzungsmittel mit Fischbein des Tintenfisches, Mangan, Collagen-Hydrolysat und antioxidativ ern\u00e4hrungsuntest\u00fctzenden Pflanzenextrakten. Skeletin kann den K\u00f6rper bei der Harmonisierung der Meridiane, der Gelenke, Haut und Knochen unterst\u00fctzen.<\/p>\n","protected":false},"featured_media":52089,"template":"","meta":{"_acf_changed":false},"product_brand":[],"product_cat":[303],"product_tag":[],"class_list":{"0":"post-52087","1":"product","2":"type-product","3":"status-publish","4":"has-post-thumbnail","6":"product_cat-s","7":"pa_packungsgroesse-135-stueck","9":"first","10":"instock","11":"shipping-taxable","12":"purchasable","13":"product-type-simple"},"acf":[],"_links":{"self":[{"href":"https:\/\/www.hirtenberg-apotheke.at\/katalog\/wp-json\/wp\/v2\/product\/52087","targetHints":{"allow":["GET"]}}],"collection":[{"href":"https:\/\/www.hirtenberg-apotheke.at\/katalog\/wp-json\/wp\/v2\/product"}],"about":[{"href":"https:\/\/www.hirtenberg-apotheke.at\/katalog\/wp-json\/wp\/v2\/types\/product"}],"wp:featuredmedia":[{"embeddable":true,"href":"https:\/\/www.hirtenberg-apotheke.at\/katalog\/wp-json\/wp\/v2\/media\/52089"}],"wp:attachment":[{"href":"https:\/\/www.hirtenberg-apotheke.at\/katalog\/wp-json\/wp\/v2\/media?parent=52087"}],"wp:term":[{"taxonomy":"product_brand","embeddable":true,"href":"https:\/\/www.hirtenberg-apotheke.at\/katalog\/wp-json\/wp\/v2\/product_brand?post=52087"},{"taxonomy":"product_cat","embeddable":true,"href":"https:\/\/www.hirtenberg-apotheke.at\/katalog\/wp-json\/wp\/v2\/product_cat?post=52087"},{"taxonomy":"product_tag","embeddable":true,"href":"https:\/\/www.hirtenberg-apotheke.at\/katalog\/wp-json\/wp\/v2\/product_tag?post=52087"}],"curies":[{"name":"wp","href":"https:\/\/api.w.org\/{rel}","templated":true}]}}