{"id":52116,"date":"2025-11-26T14:13:23","date_gmt":"2025-11-26T13:13:23","guid":{"rendered":"https:\/\/www.hirtenberg-apotheke.at\/katalog\/produkt\/madara-daily-defense-60-ml-creme\/"},"modified":"2025-11-26T14:13:47","modified_gmt":"2025-11-26T13:13:47","slug":"madara-daily-defense-60-ml-creme","status":"publish","type":"product","link":"https:\/\/www.hirtenberg-apotheke.at\/katalog\/produkt\/madara-daily-defense-60-ml-creme\/","title":{"rendered":"Madara Daily Defense 60 ml Creme"},"content":{"rendered":"<p>Madara Daily Defense Creme ist eine Ganzk\u00f6rpercr\u00e8me f\u00fcr Extrembedingungen: Sie sch\u00fctzt bei Wind und K\u00e4lte und verhindert trockene und raue Haut. Die nat\u00fcrlichen Inhaltsstoffe hydratisieren und stellen die Hautbarriere, welche f\u00fcr die Weichheit der obersten Hautschicht zust\u00e4ndig ist, wieder her .<\/p>\n","protected":false},"excerpt":{"rendered":"<p>Madara Daily Defense Creme ist eine Ganzk\u00f6rpercr\u00e8me f\u00fcr Extrembedingungen: Sie sch\u00fctzt bei Wind und K\u00e4lte und verhindert trockene und raue Haut. Die nat\u00fcrlichen Inhaltsstoffe hydratisieren und stellen die Hautbarriere, welche f\u00fcr die Weichheit der obersten Hautschicht zust\u00e4ndig ist, wieder her .<\/p>\n","protected":false},"featured_media":52118,"template":"","meta":{"_acf_changed":false},"product_brand":[1240],"product_cat":[308],"product_tag":[],"class_list":{"0":"post-52116","1":"product","2":"type-product","3":"status-publish","4":"has-post-thumbnail","6":"product_brand-madara","7":"product_cat-m","8":"pa_packungsgroesse-60ml","10":"first","11":"instock","12":"shipping-taxable","13":"purchasable","14":"product-type-simple"},"acf":[],"_links":{"self":[{"href":"https:\/\/www.hirtenberg-apotheke.at\/katalog\/wp-json\/wp\/v2\/product\/52116","targetHints":{"allow":["GET"]}}],"collection":[{"href":"https:\/\/www.hirtenberg-apotheke.at\/katalog\/wp-json\/wp\/v2\/product"}],"about":[{"href":"https:\/\/www.hirtenberg-apotheke.at\/katalog\/wp-json\/wp\/v2\/types\/product"}],"wp:featuredmedia":[{"embeddable":true,"href":"https:\/\/www.hirtenberg-apotheke.at\/katalog\/wp-json\/wp\/v2\/media\/52118"}],"wp:attachment":[{"href":"https:\/\/www.hirtenberg-apotheke.at\/katalog\/wp-json\/wp\/v2\/media?parent=52116"}],"wp:term":[{"taxonomy":"product_brand","embeddable":true,"href":"https:\/\/www.hirtenberg-apotheke.at\/katalog\/wp-json\/wp\/v2\/product_brand?post=52116"},{"taxonomy":"product_cat","embeddable":true,"href":"https:\/\/www.hirtenberg-apotheke.at\/katalog\/wp-json\/wp\/v2\/product_cat?post=52116"},{"taxonomy":"product_tag","embeddable":true,"href":"https:\/\/www.hirtenberg-apotheke.at\/katalog\/wp-json\/wp\/v2\/product_tag?post=52116"}],"curies":[{"name":"wp","href":"https:\/\/api.w.org\/{rel}","templated":true}]}}