{"id":52693,"date":"2025-11-26T14:26:04","date_gmt":"2025-11-26T13:26:04","guid":{"rendered":"https:\/\/www.hirtenberg-apotheke.at\/katalog\/produkt\/darphin-hydrating-handcreme-d8x0-75-ml\/"},"modified":"2025-11-26T14:26:23","modified_gmt":"2025-11-26T13:26:23","slug":"darphin-hydrating-handcreme-d8x0-75-ml","status":"publish","type":"product","link":"https:\/\/www.hirtenberg-apotheke.at\/katalog\/produkt\/darphin-hydrating-handcreme-d8x0-75-ml\/","title":{"rendered":"DARPHIN HYDRATING HANDCREME  D8X0 75 ML"},"content":{"rendered":"<p>Body Care Hydrating Hand and Nail Cream ist eine luxuri\u00f6se Handcreme mit Rosenwasser, die H\u00e4nde und N\u00e4gel intensiv pflegt und die Feuchtigketisbarriere der Haut sch\u00fctzt.<\/p>\n","protected":false},"excerpt":{"rendered":"<p>Body Care Hydrating Hand and Nail Cream ist eine luxuri\u00f6se Handcreme mit Rosenwasser, die H\u00e4nde und N\u00e4gel intensiv pflegt und die Feuchtigketisbarriere der Haut sch\u00fctzt.<\/p>\n","protected":false},"featured_media":52695,"template":"","meta":{"_acf_changed":false},"product_brand":[],"product_cat":[295],"product_tag":[],"class_list":{"0":"post-52693","1":"product","2":"type-product","3":"status-publish","4":"has-post-thumbnail","6":"product_cat-d","7":"pa_packungsgroesse-75ml","9":"first","10":"instock","11":"shipping-taxable","12":"purchasable","13":"product-type-simple"},"acf":[],"_links":{"self":[{"href":"https:\/\/www.hirtenberg-apotheke.at\/katalog\/wp-json\/wp\/v2\/product\/52693","targetHints":{"allow":["GET"]}}],"collection":[{"href":"https:\/\/www.hirtenberg-apotheke.at\/katalog\/wp-json\/wp\/v2\/product"}],"about":[{"href":"https:\/\/www.hirtenberg-apotheke.at\/katalog\/wp-json\/wp\/v2\/types\/product"}],"wp:featuredmedia":[{"embeddable":true,"href":"https:\/\/www.hirtenberg-apotheke.at\/katalog\/wp-json\/wp\/v2\/media\/52695"}],"wp:attachment":[{"href":"https:\/\/www.hirtenberg-apotheke.at\/katalog\/wp-json\/wp\/v2\/media?parent=52693"}],"wp:term":[{"taxonomy":"product_brand","embeddable":true,"href":"https:\/\/www.hirtenberg-apotheke.at\/katalog\/wp-json\/wp\/v2\/product_brand?post=52693"},{"taxonomy":"product_cat","embeddable":true,"href":"https:\/\/www.hirtenberg-apotheke.at\/katalog\/wp-json\/wp\/v2\/product_cat?post=52693"},{"taxonomy":"product_tag","embeddable":true,"href":"https:\/\/www.hirtenberg-apotheke.at\/katalog\/wp-json\/wp\/v2\/product_tag?post=52693"}],"curies":[{"name":"wp","href":"https:\/\/api.w.org\/{rel}","templated":true}]}}