{"id":52805,"date":"2025-11-26T14:28:11","date_gmt":"2025-11-26T13:28:11","guid":{"rendered":"https:\/\/www.hirtenberg-apotheke.at\/katalog\/produkt\/suprasorb-p-pu-schaumverband-nicht-klebend-5-stk-15-x-15-cm\/"},"modified":"2025-11-26T14:28:27","modified_gmt":"2025-11-26T13:28:27","slug":"suprasorb-p-pu-schaumverband-nicht-klebend-5-stk-15-x-15-cm","status":"publish","type":"product","link":"https:\/\/www.hirtenberg-apotheke.at\/katalog\/produkt\/suprasorb-p-pu-schaumverband-nicht-klebend-5-stk-15-x-15-cm\/","title":{"rendered":"Suprasorb P PU-Schaumverband nicht klebend 5 Stk. 15 x 15 cm"},"content":{"rendered":"<p>Suprasorb ist eine Marke des Unternehmens Lohmann &#038; Rauscher. Ganz gleich, ob gro\u00dfe oder kleine Wunden \u2014 L&#038;R bietet eine individuell auf den Betroffenen und seine Wundsituation zugeschnittene Versorgung. Der Anwender erh\u00e4lt somit ein Vollsortiment, das seinen Anforderungen und den Bed\u00fcrfnissen der Patienten gerecht wird. Das breite L&#038;R Anwendungs-Know-how und die eigene Forschung sorgen zudem f\u00fcr eine stetige Weiterentwicklung der Produkte. Praxistests und Studien stellen hierbei die Verl\u00e4sslichkeit und Anwendungssicherheit sicher.<\/p>\n","protected":false},"excerpt":{"rendered":"<p>Suprasorb ist eine Marke des Unternehmens Lohmann &#038; Rauscher. Ganz gleich, ob gro\u00dfe oder kleine Wunden \u2014 L&#038;R bietet eine individuell auf den Betroffenen und seine Wundsituation zugeschnittene Versorgung. Der Anwender erh\u00e4lt somit ein Vollsortiment, das seinen Anforderungen und den Bed\u00fcrfnissen der Patienten gerecht wird. Das breite L&#038;R Anwendungs-Know-how und die eigene Forschung sorgen zudem [&hellip;]<\/p>\n","protected":false},"featured_media":0,"template":"","meta":{"_acf_changed":false},"product_brand":[],"product_cat":[303],"product_tag":[],"class_list":{"0":"post-52805","1":"product","2":"type-product","3":"status-publish","5":"product_cat-s","6":"pa_packungsgroesse-5-stueck","8":"first","9":"instock","10":"shipping-taxable","11":"purchasable","12":"product-type-simple"},"acf":[],"_links":{"self":[{"href":"https:\/\/www.hirtenberg-apotheke.at\/katalog\/wp-json\/wp\/v2\/product\/52805","targetHints":{"allow":["GET"]}}],"collection":[{"href":"https:\/\/www.hirtenberg-apotheke.at\/katalog\/wp-json\/wp\/v2\/product"}],"about":[{"href":"https:\/\/www.hirtenberg-apotheke.at\/katalog\/wp-json\/wp\/v2\/types\/product"}],"wp:attachment":[{"href":"https:\/\/www.hirtenberg-apotheke.at\/katalog\/wp-json\/wp\/v2\/media?parent=52805"}],"wp:term":[{"taxonomy":"product_brand","embeddable":true,"href":"https:\/\/www.hirtenberg-apotheke.at\/katalog\/wp-json\/wp\/v2\/product_brand?post=52805"},{"taxonomy":"product_cat","embeddable":true,"href":"https:\/\/www.hirtenberg-apotheke.at\/katalog\/wp-json\/wp\/v2\/product_cat?post=52805"},{"taxonomy":"product_tag","embeddable":true,"href":"https:\/\/www.hirtenberg-apotheke.at\/katalog\/wp-json\/wp\/v2\/product_tag?post=52805"}],"curies":[{"name":"wp","href":"https:\/\/api.w.org\/{rel}","templated":true}]}}