{"id":53147,"date":"2025-11-26T15:46:49","date_gmt":"2025-11-26T14:46:49","guid":{"rendered":"https:\/\/www.hirtenberg-apotheke.at\/katalog\/produkt\/floramed-maca-aktiv-kapseln\/"},"modified":"2025-11-26T15:47:01","modified_gmt":"2025-11-26T14:47:01","slug":"floramed-maca-aktiv-kapseln","status":"publish","type":"product","link":"https:\/\/www.hirtenberg-apotheke.at\/katalog\/produkt\/floramed-maca-aktiv-kapseln\/","title":{"rendered":"Floramed Maca aktiv Kapseln"},"content":{"rendered":"<p>Floramed Maca Aktiv Kapseln enthalten Zink was die Erhaltung eines normalen Testosteronspiegels im Blut unterst\u00fctzt und tr\u00e4gt zu einer normalen Fruchtbarkeit und einer normalen Reproduktion bei. Laktose- und Glutenfrei.Health Claims &#8211; gesundheitsbezogene AussagenZink tr\u00e4gt zur Erhaltung eines normalen Testosteronspiegels im Blut beiZink tr\u00e4gt zu einer normalen Fruchtbarkeit und einer normalen Reproduktion beiKupfer tr\u00e4gt zu einem normalen Energiestoffwechsel bei<\/p>\n","protected":false},"excerpt":{"rendered":"<p>Floramed Maca Aktiv Kapseln enthalten Zink was die Erhaltung eines normalen Testosteronspiegels im Blut unterst\u00fctzt und tr\u00e4gt zu einer normalen Fruchtbarkeit und einer normalen Reproduktion bei. Laktose- und Glutenfrei.Health Claims &#8211; gesundheitsbezogene AussagenZink tr\u00e4gt zur Erhaltung eines normalen Testosteronspiegels im Blut beiZink tr\u00e4gt zu einer normalen Fruchtbarkeit und einer normalen Reproduktion beiKupfer tr\u00e4gt zu einem [&hellip;]<\/p>\n","protected":false},"featured_media":53149,"template":"","meta":{"_acf_changed":false},"product_brand":[],"product_cat":[322],"product_tag":[],"class_list":{"0":"post-53147","1":"product","2":"type-product","3":"status-publish","4":"has-post-thumbnail","6":"product_cat-f","7":"pa_packungsgroesse-60-stueck","9":"first","10":"instock","11":"shipping-taxable","12":"purchasable","13":"product-type-simple"},"acf":[],"_links":{"self":[{"href":"https:\/\/www.hirtenberg-apotheke.at\/katalog\/wp-json\/wp\/v2\/product\/53147","targetHints":{"allow":["GET"]}}],"collection":[{"href":"https:\/\/www.hirtenberg-apotheke.at\/katalog\/wp-json\/wp\/v2\/product"}],"about":[{"href":"https:\/\/www.hirtenberg-apotheke.at\/katalog\/wp-json\/wp\/v2\/types\/product"}],"wp:featuredmedia":[{"embeddable":true,"href":"https:\/\/www.hirtenberg-apotheke.at\/katalog\/wp-json\/wp\/v2\/media\/53149"}],"wp:attachment":[{"href":"https:\/\/www.hirtenberg-apotheke.at\/katalog\/wp-json\/wp\/v2\/media?parent=53147"}],"wp:term":[{"taxonomy":"product_brand","embeddable":true,"href":"https:\/\/www.hirtenberg-apotheke.at\/katalog\/wp-json\/wp\/v2\/product_brand?post=53147"},{"taxonomy":"product_cat","embeddable":true,"href":"https:\/\/www.hirtenberg-apotheke.at\/katalog\/wp-json\/wp\/v2\/product_cat?post=53147"},{"taxonomy":"product_tag","embeddable":true,"href":"https:\/\/www.hirtenberg-apotheke.at\/katalog\/wp-json\/wp\/v2\/product_tag?post=53147"}],"curies":[{"name":"wp","href":"https:\/\/api.w.org\/{rel}","templated":true}]}}