{"id":53173,"date":"2025-11-26T15:47:15","date_gmt":"2025-11-26T14:47:15","guid":{"rendered":"https:\/\/www.hirtenberg-apotheke.at\/katalog\/produkt\/hagebutten-pulver-mono-150-g\/"},"modified":"2025-11-26T15:47:43","modified_gmt":"2025-11-26T14:47:43","slug":"hagebutten-pulver-mono-150-g","status":"publish","type":"product","link":"https:\/\/www.hirtenberg-apotheke.at\/katalog\/produkt\/hagebutten-pulver-mono-150-g\/","title":{"rendered":"Hagebutten Pulver Mono 150 g"},"content":{"rendered":"<p>Mit dem vielseitigen Sortiment von Plantavis, bestehend aus Nahrungserg\u00e4nzungsmitteln in Kapsel- und Pulverform, erg\u00e4nzenden bilanzierten Di\u00e4ten sowie Medizinprodukten, bietet Plantavis eine L\u00f6sung f\u00fcr diese moderne Form der Mangelern\u00e4hrung. Zudem enthalten viele Produkte des Unternehmens den innovativen Zellschutz Komplex<\/p>\n","protected":false},"excerpt":{"rendered":"<p>Mit dem vielseitigen Sortiment von Plantavis, bestehend aus Nahrungserg\u00e4nzungsmitteln in Kapsel- und Pulverform, erg\u00e4nzenden bilanzierten Di\u00e4ten sowie Medizinprodukten, bietet Plantavis eine L\u00f6sung f\u00fcr diese moderne Form der Mangelern\u00e4hrung. Zudem enthalten viele Produkte des Unternehmens den innovativen Zellschutz Komplex<\/p>\n","protected":false},"featured_media":53175,"template":"","meta":{"_acf_changed":false},"product_brand":[],"product_cat":[330],"product_tag":[],"class_list":{"0":"post-53173","1":"product","2":"type-product","3":"status-publish","4":"has-post-thumbnail","6":"product_cat-h","7":"pa_packungsgroesse-150g","9":"first","10":"instock","11":"shipping-taxable","12":"purchasable","13":"product-type-simple"},"acf":[],"_links":{"self":[{"href":"https:\/\/www.hirtenberg-apotheke.at\/katalog\/wp-json\/wp\/v2\/product\/53173","targetHints":{"allow":["GET"]}}],"collection":[{"href":"https:\/\/www.hirtenberg-apotheke.at\/katalog\/wp-json\/wp\/v2\/product"}],"about":[{"href":"https:\/\/www.hirtenberg-apotheke.at\/katalog\/wp-json\/wp\/v2\/types\/product"}],"wp:featuredmedia":[{"embeddable":true,"href":"https:\/\/www.hirtenberg-apotheke.at\/katalog\/wp-json\/wp\/v2\/media\/53175"}],"wp:attachment":[{"href":"https:\/\/www.hirtenberg-apotheke.at\/katalog\/wp-json\/wp\/v2\/media?parent=53173"}],"wp:term":[{"taxonomy":"product_brand","embeddable":true,"href":"https:\/\/www.hirtenberg-apotheke.at\/katalog\/wp-json\/wp\/v2\/product_brand?post=53173"},{"taxonomy":"product_cat","embeddable":true,"href":"https:\/\/www.hirtenberg-apotheke.at\/katalog\/wp-json\/wp\/v2\/product_cat?post=53173"},{"taxonomy":"product_tag","embeddable":true,"href":"https:\/\/www.hirtenberg-apotheke.at\/katalog\/wp-json\/wp\/v2\/product_tag?post=53173"}],"curies":[{"name":"wp","href":"https:\/\/api.w.org\/{rel}","templated":true}]}}