{"id":53503,"date":"2025-11-26T15:54:08","date_gmt":"2025-11-26T14:54:08","guid":{"rendered":"https:\/\/www.hirtenberg-apotheke.at\/katalog\/produkt\/eco-cosmetics-sonnenoel-spray-neutral-sensitive-50-ml\/"},"modified":"2025-11-26T15:54:37","modified_gmt":"2025-11-26T14:54:37","slug":"eco-cosmetics-sonnenoel-spray-neutral-sensitive-50-ml","status":"publish","type":"product","link":"https:\/\/www.hirtenberg-apotheke.at\/katalog\/produkt\/eco-cosmetics-sonnenoel-spray-neutral-sensitive-50-ml\/","title":{"rendered":"Eco Cosmetics Sonnen\u00f6l Spray neutral sensitive 50 ml"},"content":{"rendered":"<p>Eco Cosmetics Sonnen\u00f6l Spray neutral sensitive bietet idealen Schutz vor Sonneneinstrahlung und eignet sich f\u00fcr jeden Hauttyp. Pflegende \u00d6le von Sanddorn und Granatapfel versorgen die Haut mit wertvollen N\u00e4hrstoffen und helfen Feuchtigkeit zu bewahren. Das Produkt enth\u00e4lt teilweise biologische Inhaltsstoffe.<\/p>\n","protected":false},"excerpt":{"rendered":"<p>Eco Cosmetics Sonnen\u00f6l Spray neutral sensitive bietet idealen Schutz vor Sonneneinstrahlung und eignet sich f\u00fcr jeden Hauttyp. Pflegende \u00d6le von Sanddorn und Granatapfel versorgen die Haut mit wertvollen N\u00e4hrstoffen und helfen Feuchtigkeit zu bewahren. Das Produkt enth\u00e4lt teilweise biologische Inhaltsstoffe.<\/p>\n","protected":false},"featured_media":53505,"template":"","meta":{"_acf_changed":false},"product_brand":[],"product_cat":[307],"product_tag":[],"class_list":{"0":"post-53503","1":"product","2":"type-product","3":"status-publish","4":"has-post-thumbnail","6":"product_cat-e","7":"pa_packungsgroesse-50ml","9":"first","10":"instock","11":"shipping-taxable","12":"purchasable","13":"product-type-simple"},"acf":[],"_links":{"self":[{"href":"https:\/\/www.hirtenberg-apotheke.at\/katalog\/wp-json\/wp\/v2\/product\/53503","targetHints":{"allow":["GET"]}}],"collection":[{"href":"https:\/\/www.hirtenberg-apotheke.at\/katalog\/wp-json\/wp\/v2\/product"}],"about":[{"href":"https:\/\/www.hirtenberg-apotheke.at\/katalog\/wp-json\/wp\/v2\/types\/product"}],"wp:featuredmedia":[{"embeddable":true,"href":"https:\/\/www.hirtenberg-apotheke.at\/katalog\/wp-json\/wp\/v2\/media\/53505"}],"wp:attachment":[{"href":"https:\/\/www.hirtenberg-apotheke.at\/katalog\/wp-json\/wp\/v2\/media?parent=53503"}],"wp:term":[{"taxonomy":"product_brand","embeddable":true,"href":"https:\/\/www.hirtenberg-apotheke.at\/katalog\/wp-json\/wp\/v2\/product_brand?post=53503"},{"taxonomy":"product_cat","embeddable":true,"href":"https:\/\/www.hirtenberg-apotheke.at\/katalog\/wp-json\/wp\/v2\/product_cat?post=53503"},{"taxonomy":"product_tag","embeddable":true,"href":"https:\/\/www.hirtenberg-apotheke.at\/katalog\/wp-json\/wp\/v2\/product_tag?post=53503"}],"curies":[{"name":"wp","href":"https:\/\/api.w.org\/{rel}","templated":true}]}}