{"id":53592,"date":"2025-11-26T15:55:37","date_gmt":"2025-11-26T14:55:37","guid":{"rendered":"https:\/\/www.hirtenberg-apotheke.at\/katalog\/produkt\/gall-pharma-abwehr-plus-kapseln-30-stk\/"},"modified":"2025-11-26T15:56:08","modified_gmt":"2025-11-26T14:56:08","slug":"gall-pharma-abwehr-plus-kapseln-30-stk","status":"publish","type":"product","link":"https:\/\/www.hirtenberg-apotheke.at\/katalog\/produkt\/gall-pharma-abwehr-plus-kapseln-30-stk\/","title":{"rendered":"Gall Pharma Abwehr Plus Kapseln 30 Stk."},"content":{"rendered":"<p>Abwehr Plus GPH Kapseln tragen in Form von Zink als essentielles Spurenelement zu einer normalen Funktion des Immunsystems bei und sch\u00fctzen die Zellen vor oxidativem Stress. Das enthaltene Pycnogenol kann durch sein antioxidatives Potential freie Radikale unsch\u00e4dlich machen. Vitamin C tr\u00e4gt zu einer normalen Funktion des Immunsystems bei und erh\u00f6ht die Eisenaufnahme.<\/p>\n","protected":false},"excerpt":{"rendered":"<p>Abwehr Plus GPH Kapseln tragen in Form von Zink als essentielles Spurenelement zu einer normalen Funktion des Immunsystems bei und sch\u00fctzen die Zellen vor oxidativem Stress. Das enthaltene Pycnogenol kann durch sein antioxidatives Potential freie Radikale unsch\u00e4dlich machen. Vitamin C tr\u00e4gt zu einer normalen Funktion des Immunsystems bei und erh\u00f6ht die Eisenaufnahme.<\/p>\n","protected":false},"featured_media":53594,"template":"","meta":{"_acf_changed":false},"product_brand":[316],"product_cat":[328],"product_tag":[],"class_list":{"0":"post-53592","1":"product","2":"type-product","3":"status-publish","4":"has-post-thumbnail","6":"product_brand-gall-pharma","7":"product_cat-g","8":"pa_packungsgroesse-30-stueck","10":"first","11":"instock","12":"shipping-taxable","13":"purchasable","14":"product-type-simple"},"acf":[],"_links":{"self":[{"href":"https:\/\/www.hirtenberg-apotheke.at\/katalog\/wp-json\/wp\/v2\/product\/53592","targetHints":{"allow":["GET"]}}],"collection":[{"href":"https:\/\/www.hirtenberg-apotheke.at\/katalog\/wp-json\/wp\/v2\/product"}],"about":[{"href":"https:\/\/www.hirtenberg-apotheke.at\/katalog\/wp-json\/wp\/v2\/types\/product"}],"wp:featuredmedia":[{"embeddable":true,"href":"https:\/\/www.hirtenberg-apotheke.at\/katalog\/wp-json\/wp\/v2\/media\/53594"}],"wp:attachment":[{"href":"https:\/\/www.hirtenberg-apotheke.at\/katalog\/wp-json\/wp\/v2\/media?parent=53592"}],"wp:term":[{"taxonomy":"product_brand","embeddable":true,"href":"https:\/\/www.hirtenberg-apotheke.at\/katalog\/wp-json\/wp\/v2\/product_brand?post=53592"},{"taxonomy":"product_cat","embeddable":true,"href":"https:\/\/www.hirtenberg-apotheke.at\/katalog\/wp-json\/wp\/v2\/product_cat?post=53592"},{"taxonomy":"product_tag","embeddable":true,"href":"https:\/\/www.hirtenberg-apotheke.at\/katalog\/wp-json\/wp\/v2\/product_tag?post=53592"}],"curies":[{"name":"wp","href":"https:\/\/api.w.org\/{rel}","templated":true}]}}