{"id":53807,"date":"2025-11-26T15:59:48","date_gmt":"2025-11-26T14:59:48","guid":{"rendered":"https:\/\/www.hirtenberg-apotheke.at\/katalog\/produkt\/flamyar-spagyra-salbe-pekana-100-g\/"},"modified":"2025-11-26T16:00:40","modified_gmt":"2025-11-26T15:00:40","slug":"flamyar-spagyra-salbe-pekana-100-g","status":"publish","type":"product","link":"https:\/\/www.hirtenberg-apotheke.at\/katalog\/produkt\/flamyar-spagyra-salbe-pekana-100-g\/","title":{"rendered":"Flamyar Spagyra Salbe Pekana 100 g"},"content":{"rendered":"<p>Flamyar Spagyra Salbe Pekana dient zur unterst\u00fctzenden Behandlung von Bluterg\u00fcssen, Ellenbogen-Sehnenscheidenentz\u00fcndungen, Hexenschuss, Prellungen, Zerrungen, Muskelverspannungen, Schiefhals und Gichtbeschwerden.<\/p>\n","protected":false},"excerpt":{"rendered":"<p>Flamyar Spagyra Salbe Pekana dient zur unterst\u00fctzenden Behandlung von Bluterg\u00fcssen, Ellenbogen-Sehnenscheidenentz\u00fcndungen, Hexenschuss, Prellungen, Zerrungen, Muskelverspannungen, Schiefhals und Gichtbeschwerden.<\/p>\n","protected":false},"featured_media":53809,"template":"","meta":{"_acf_changed":false},"product_brand":[],"product_cat":[322],"product_tag":[],"class_list":{"0":"post-53807","1":"product","2":"type-product","3":"status-publish","4":"has-post-thumbnail","6":"product_cat-f","7":"pa_packungsgroesse-100g","9":"first","10":"instock","11":"shipping-taxable","12":"purchasable","13":"product-type-simple"},"acf":[],"_links":{"self":[{"href":"https:\/\/www.hirtenberg-apotheke.at\/katalog\/wp-json\/wp\/v2\/product\/53807","targetHints":{"allow":["GET"]}}],"collection":[{"href":"https:\/\/www.hirtenberg-apotheke.at\/katalog\/wp-json\/wp\/v2\/product"}],"about":[{"href":"https:\/\/www.hirtenberg-apotheke.at\/katalog\/wp-json\/wp\/v2\/types\/product"}],"wp:featuredmedia":[{"embeddable":true,"href":"https:\/\/www.hirtenberg-apotheke.at\/katalog\/wp-json\/wp\/v2\/media\/53809"}],"wp:attachment":[{"href":"https:\/\/www.hirtenberg-apotheke.at\/katalog\/wp-json\/wp\/v2\/media?parent=53807"}],"wp:term":[{"taxonomy":"product_brand","embeddable":true,"href":"https:\/\/www.hirtenberg-apotheke.at\/katalog\/wp-json\/wp\/v2\/product_brand?post=53807"},{"taxonomy":"product_cat","embeddable":true,"href":"https:\/\/www.hirtenberg-apotheke.at\/katalog\/wp-json\/wp\/v2\/product_cat?post=53807"},{"taxonomy":"product_tag","embeddable":true,"href":"https:\/\/www.hirtenberg-apotheke.at\/katalog\/wp-json\/wp\/v2\/product_tag?post=53807"}],"curies":[{"name":"wp","href":"https:\/\/api.w.org\/{rel}","templated":true}]}}