{"id":54174,"date":"2025-11-26T16:07:21","date_gmt":"2025-11-26T15:07:21","guid":{"rendered":"https:\/\/www.hirtenberg-apotheke.at\/katalog\/produkt\/nuxe-sun-sonnenmilch-150-ml\/"},"modified":"2025-11-26T16:07:57","modified_gmt":"2025-11-26T15:07:57","slug":"nuxe-sun-sonnenmilch-150-ml","status":"publish","type":"product","link":"https:\/\/www.hirtenberg-apotheke.at\/katalog\/produkt\/nuxe-sun-sonnenmilch-150-ml\/","title":{"rendered":"Nuxe Sun Sonnenmilch 150 ml"},"content":{"rendered":"<p>Nuxe Sun Sonnenmilch mit Wasser- und Sommerblumen garantiert einen Anti-Aging-Zellschutz und sorgt f\u00fcr eine perfekte Br\u00e4une. Die feine Textur l\u00e4sst sich leicht verteilen und zieht schnell ein. Sie sch\u00fctzt, pflegt und macht die Haut geschmeidig und strahlend. Mit einem sonnigen Duft von S\u00fc\u00dforangen, Tiar\u00e9-Bl\u00fcten und Vanille.<\/p>\n","protected":false},"excerpt":{"rendered":"<p>Nuxe Sun Sonnenmilch mit Wasser- und Sommerblumen garantiert einen Anti-Aging-Zellschutz und sorgt f\u00fcr eine perfekte Br\u00e4une. Die feine Textur l\u00e4sst sich leicht verteilen und zieht schnell ein. Sie sch\u00fctzt, pflegt und macht die Haut geschmeidig und strahlend. Mit einem sonnigen Duft von S\u00fc\u00dforangen, Tiar\u00e9-Bl\u00fcten und Vanille.<\/p>\n","protected":false},"featured_media":54176,"template":"","meta":{"_acf_changed":false},"product_brand":[720],"product_cat":[310],"product_tag":[],"class_list":{"0":"post-54174","1":"product","2":"type-product","3":"status-publish","4":"has-post-thumbnail","6":"product_brand-nuxe","7":"product_cat-n","8":"pa_packungsgroesse-150ml","10":"first","11":"instock","12":"shipping-taxable","13":"purchasable","14":"product-type-simple"},"acf":[],"_links":{"self":[{"href":"https:\/\/www.hirtenberg-apotheke.at\/katalog\/wp-json\/wp\/v2\/product\/54174","targetHints":{"allow":["GET"]}}],"collection":[{"href":"https:\/\/www.hirtenberg-apotheke.at\/katalog\/wp-json\/wp\/v2\/product"}],"about":[{"href":"https:\/\/www.hirtenberg-apotheke.at\/katalog\/wp-json\/wp\/v2\/types\/product"}],"wp:featuredmedia":[{"embeddable":true,"href":"https:\/\/www.hirtenberg-apotheke.at\/katalog\/wp-json\/wp\/v2\/media\/54176"}],"wp:attachment":[{"href":"https:\/\/www.hirtenberg-apotheke.at\/katalog\/wp-json\/wp\/v2\/media?parent=54174"}],"wp:term":[{"taxonomy":"product_brand","embeddable":true,"href":"https:\/\/www.hirtenberg-apotheke.at\/katalog\/wp-json\/wp\/v2\/product_brand?post=54174"},{"taxonomy":"product_cat","embeddable":true,"href":"https:\/\/www.hirtenberg-apotheke.at\/katalog\/wp-json\/wp\/v2\/product_cat?post=54174"},{"taxonomy":"product_tag","embeddable":true,"href":"https:\/\/www.hirtenberg-apotheke.at\/katalog\/wp-json\/wp\/v2\/product_tag?post=54174"}],"curies":[{"name":"wp","href":"https:\/\/api.w.org\/{rel}","templated":true}]}}