{"id":54369,"date":"2025-11-26T16:11:09","date_gmt":"2025-11-26T15:11:09","guid":{"rendered":"https:\/\/www.hirtenberg-apotheke.at\/katalog\/produkt\/eco-cosmetics-deo-roller-granatapfel-gojibeere-50-ml\/"},"modified":"2025-11-26T16:11:26","modified_gmt":"2025-11-26T15:11:26","slug":"eco-cosmetics-deo-roller-granatapfel-gojibeere-50-ml","status":"publish","type":"product","link":"https:\/\/www.hirtenberg-apotheke.at\/katalog\/produkt\/eco-cosmetics-deo-roller-granatapfel-gojibeere-50-ml\/","title":{"rendered":"Eco Cosmetics Deo-Roller Granatapfel &#038; Gojibeere 50 ml"},"content":{"rendered":"<p>Eco Cosmetics Deo-Roller Granatapfel &#038; Gojibeere pflegt die Haut und reguliert gleichzeitig die Schwei\u00dfproduktion. Sofort entsteht ein Gef\u00fchl von Frische und Sicherheit. Das Produkt enth\u00e4lt teilweise biologische Inhaltsstoffe.<\/p>\n","protected":false},"excerpt":{"rendered":"<p>Eco Cosmetics Deo-Roller Granatapfel &#038; Gojibeere pflegt die Haut und reguliert gleichzeitig die Schwei\u00dfproduktion. Sofort entsteht ein Gef\u00fchl von Frische und Sicherheit. Das Produkt enth\u00e4lt teilweise biologische Inhaltsstoffe.<\/p>\n","protected":false},"featured_media":54371,"template":"","meta":{"_acf_changed":false},"product_brand":[],"product_cat":[307],"product_tag":[],"class_list":{"0":"post-54369","1":"product","2":"type-product","3":"status-publish","4":"has-post-thumbnail","6":"product_cat-e","7":"pa_packungsgroesse-50ml","9":"first","10":"instock","11":"shipping-taxable","12":"purchasable","13":"product-type-simple"},"acf":[],"_links":{"self":[{"href":"https:\/\/www.hirtenberg-apotheke.at\/katalog\/wp-json\/wp\/v2\/product\/54369","targetHints":{"allow":["GET"]}}],"collection":[{"href":"https:\/\/www.hirtenberg-apotheke.at\/katalog\/wp-json\/wp\/v2\/product"}],"about":[{"href":"https:\/\/www.hirtenberg-apotheke.at\/katalog\/wp-json\/wp\/v2\/types\/product"}],"wp:featuredmedia":[{"embeddable":true,"href":"https:\/\/www.hirtenberg-apotheke.at\/katalog\/wp-json\/wp\/v2\/media\/54371"}],"wp:attachment":[{"href":"https:\/\/www.hirtenberg-apotheke.at\/katalog\/wp-json\/wp\/v2\/media?parent=54369"}],"wp:term":[{"taxonomy":"product_brand","embeddable":true,"href":"https:\/\/www.hirtenberg-apotheke.at\/katalog\/wp-json\/wp\/v2\/product_brand?post=54369"},{"taxonomy":"product_cat","embeddable":true,"href":"https:\/\/www.hirtenberg-apotheke.at\/katalog\/wp-json\/wp\/v2\/product_cat?post=54369"},{"taxonomy":"product_tag","embeddable":true,"href":"https:\/\/www.hirtenberg-apotheke.at\/katalog\/wp-json\/wp\/v2\/product_tag?post=54369"}],"curies":[{"name":"wp","href":"https:\/\/api.w.org\/{rel}","templated":true}]}}