{"id":54505,"date":"2025-11-26T16:14:18","date_gmt":"2025-11-26T15:14:18","guid":{"rendered":"https:\/\/www.hirtenberg-apotheke.at\/katalog\/produkt\/darphin-hydraskin-rich-all-day-hydrating-cream-50-ml\/"},"modified":"2025-11-26T16:14:40","modified_gmt":"2025-11-26T15:14:40","slug":"darphin-hydraskin-rich-all-day-hydrating-cream-50-ml","status":"publish","type":"product","link":"https:\/\/www.hirtenberg-apotheke.at\/katalog\/produkt\/darphin-hydraskin-rich-all-day-hydrating-cream-50-ml\/","title":{"rendered":"Darphin Hydraskin Rich All-day Hydrating Cream 50 ml"},"content":{"rendered":"<p>Die Hydraskin Rich All-day Skin-Hydrating Cream von Darphin hat eine samtig-weiche Textur, die zart mit Ihrer Haut verschmilzt. Die luxuri\u00f6se Formel ist mit wasserreichen Pflanzenextrakten angereichert, die Ihre Haut intensiv hydratisieren und die nat\u00fcrliche Feuchtigkeitsbarriere st\u00e4rken. Ihre Haut sieht optimal gepflegt aus, Ihr Make-up bleibt den ganzen Tag frisch.<\/p>\n","protected":false},"excerpt":{"rendered":"<p>Die Hydraskin Rich All-day Skin-Hydrating Cream von Darphin hat eine samtig-weiche Textur, die zart mit Ihrer Haut verschmilzt. Die luxuri\u00f6se Formel ist mit wasserreichen Pflanzenextrakten angereichert, die Ihre Haut intensiv hydratisieren und die nat\u00fcrliche Feuchtigkeitsbarriere st\u00e4rken. Ihre Haut sieht optimal gepflegt aus, Ihr Make-up bleibt den ganzen Tag frisch.<\/p>\n","protected":false},"featured_media":54507,"template":"","meta":{"_acf_changed":false},"product_brand":[],"product_cat":[295],"product_tag":[],"class_list":{"0":"post-54505","1":"product","2":"type-product","3":"status-publish","4":"has-post-thumbnail","6":"product_cat-d","7":"pa_packungsgroesse-50ml","9":"first","10":"instock","11":"shipping-taxable","12":"purchasable","13":"product-type-simple"},"acf":[],"_links":{"self":[{"href":"https:\/\/www.hirtenberg-apotheke.at\/katalog\/wp-json\/wp\/v2\/product\/54505","targetHints":{"allow":["GET"]}}],"collection":[{"href":"https:\/\/www.hirtenberg-apotheke.at\/katalog\/wp-json\/wp\/v2\/product"}],"about":[{"href":"https:\/\/www.hirtenberg-apotheke.at\/katalog\/wp-json\/wp\/v2\/types\/product"}],"wp:featuredmedia":[{"embeddable":true,"href":"https:\/\/www.hirtenberg-apotheke.at\/katalog\/wp-json\/wp\/v2\/media\/54507"}],"wp:attachment":[{"href":"https:\/\/www.hirtenberg-apotheke.at\/katalog\/wp-json\/wp\/v2\/media?parent=54505"}],"wp:term":[{"taxonomy":"product_brand","embeddable":true,"href":"https:\/\/www.hirtenberg-apotheke.at\/katalog\/wp-json\/wp\/v2\/product_brand?post=54505"},{"taxonomy":"product_cat","embeddable":true,"href":"https:\/\/www.hirtenberg-apotheke.at\/katalog\/wp-json\/wp\/v2\/product_cat?post=54505"},{"taxonomy":"product_tag","embeddable":true,"href":"https:\/\/www.hirtenberg-apotheke.at\/katalog\/wp-json\/wp\/v2\/product_tag?post=54505"}],"curies":[{"name":"wp","href":"https:\/\/api.w.org\/{rel}","templated":true}]}}