{"id":54714,"date":"2025-11-26T16:18:38","date_gmt":"2025-11-26T15:18:38","guid":{"rendered":"https:\/\/www.hirtenberg-apotheke.at\/katalog\/produkt\/sinoplasan-polypass-mono\/"},"modified":"2025-11-26T16:18:49","modified_gmt":"2025-11-26T15:18:49","slug":"sinoplasan-polypass-mono","status":"publish","type":"product","link":"https:\/\/www.hirtenberg-apotheke.at\/katalog\/produkt\/sinoplasan-polypass-mono\/","title":{"rendered":"Sinoplasan Polypass MONO"},"content":{"rendered":"<p>Zur di\u00e4tetischen Behandlung von Helicobacter-pylori-Infektionen.<br \/>PYLOPASS\u2122 MONO enth\u00e4lt einen inaktivierten Lactobazillus-reuteri-Stamm zurdi\u00e4tetischen Behandlung von Magenschleimhaut-Entz\u00fcndungen, die auf eineHelicobacter-pylori-Infektion zur\u00fcckzuf\u00fchren sind. Es kann speziellHelicobacter pylori im Magen binden und zur Ausscheidung bringen.<\/p>\n<p>Frei von Gluten, Lactose und Fructose. F\u00fcr Diabetiker geeignet. DargereichteInformationen sind keine Heilaussagen oder Aufforderungen zur Selbstmedikation.<\/p>\n","protected":false},"excerpt":{"rendered":"<p>Zur di\u00e4tetischen Behandlung von Helicobacter-pylori-Infektionen.PYLOPASS\u2122 MONO enth\u00e4lt einen inaktivierten Lactobazillus-reuteri-Stamm zurdi\u00e4tetischen Behandlung von Magenschleimhaut-Entz\u00fcndungen, die auf eineHelicobacter-pylori-Infektion zur\u00fcckzuf\u00fchren sind. Es kann speziellHelicobacter pylori im Magen binden und zur Ausscheidung bringen. Frei von Gluten, Lactose und Fructose. F\u00fcr Diabetiker geeignet. DargereichteInformationen sind keine Heilaussagen oder Aufforderungen zur Selbstmedikation.<\/p>\n","protected":false},"featured_media":54716,"template":"","meta":{"_acf_changed":false},"product_brand":[],"product_cat":[303],"product_tag":[],"class_list":{"0":"post-54714","1":"product","2":"type-product","3":"status-publish","4":"has-post-thumbnail","6":"product_cat-s","7":"pa_farbe-weiss","8":"pa_geschmack-neutral","9":"pa_packungsgroesse-60-stueck","11":"first","12":"instock","13":"shipping-taxable","14":"purchasable","15":"product-type-simple"},"acf":[],"_links":{"self":[{"href":"https:\/\/www.hirtenberg-apotheke.at\/katalog\/wp-json\/wp\/v2\/product\/54714","targetHints":{"allow":["GET"]}}],"collection":[{"href":"https:\/\/www.hirtenberg-apotheke.at\/katalog\/wp-json\/wp\/v2\/product"}],"about":[{"href":"https:\/\/www.hirtenberg-apotheke.at\/katalog\/wp-json\/wp\/v2\/types\/product"}],"wp:featuredmedia":[{"embeddable":true,"href":"https:\/\/www.hirtenberg-apotheke.at\/katalog\/wp-json\/wp\/v2\/media\/54716"}],"wp:attachment":[{"href":"https:\/\/www.hirtenberg-apotheke.at\/katalog\/wp-json\/wp\/v2\/media?parent=54714"}],"wp:term":[{"taxonomy":"product_brand","embeddable":true,"href":"https:\/\/www.hirtenberg-apotheke.at\/katalog\/wp-json\/wp\/v2\/product_brand?post=54714"},{"taxonomy":"product_cat","embeddable":true,"href":"https:\/\/www.hirtenberg-apotheke.at\/katalog\/wp-json\/wp\/v2\/product_cat?post=54714"},{"taxonomy":"product_tag","embeddable":true,"href":"https:\/\/www.hirtenberg-apotheke.at\/katalog\/wp-json\/wp\/v2\/product_tag?post=54714"}],"curies":[{"name":"wp","href":"https:\/\/api.w.org\/{rel}","templated":true}]}}