{"id":55137,"date":"2025-11-26T16:27:26","date_gmt":"2025-11-26T15:27:26","guid":{"rendered":"https:\/\/www.hirtenberg-apotheke.at\/katalog\/produkt\/b-braun-softa-man-haendedesinfektion-1-l\/"},"modified":"2025-11-26T16:28:07","modified_gmt":"2025-11-26T15:28:07","slug":"b-braun-softa-man-haendedesinfektion-1-l","status":"publish","type":"product","link":"https:\/\/www.hirtenberg-apotheke.at\/katalog\/produkt\/b-braun-softa-man-haendedesinfektion-1-l\/","title":{"rendered":"B. Braun Softa-Man H\u00e4ndedesinfektion 1 L"},"content":{"rendered":"<p>B. Braun Softa-Man H\u00e4ndedesinfektion ist ein alkoholisches H\u00e4ndedesinfektionsmittel f\u00fcr trockene bis normale Haut. Das Mittel wirkt gegen Bakterien und Pilze und zeigt eine sichere Sofort- und Langzeitwirkung. Die Desinfektion ist dermatologisch getestet und weist eine sehr gute Hautvertr\u00e4glichkeit auf<\/p>\n","protected":false},"excerpt":{"rendered":"<p>B. Braun Softa-Man H\u00e4ndedesinfektion ist ein alkoholisches H\u00e4ndedesinfektionsmittel f\u00fcr trockene bis normale Haut. Das Mittel wirkt gegen Bakterien und Pilze und zeigt eine sichere Sofort- und Langzeitwirkung. Die Desinfektion ist dermatologisch getestet und weist eine sehr gute Hautvertr\u00e4glichkeit auf<\/p>\n","protected":false},"featured_media":55139,"template":"","meta":{"_acf_changed":false},"product_brand":[],"product_cat":[292],"product_tag":[],"class_list":{"0":"post-55137","1":"product","2":"type-product","3":"status-publish","4":"has-post-thumbnail","6":"product_cat-b","7":"pa_packungsgroesse-1l","9":"first","10":"instock","11":"shipping-taxable","12":"purchasable","13":"product-type-simple"},"acf":[],"_links":{"self":[{"href":"https:\/\/www.hirtenberg-apotheke.at\/katalog\/wp-json\/wp\/v2\/product\/55137","targetHints":{"allow":["GET"]}}],"collection":[{"href":"https:\/\/www.hirtenberg-apotheke.at\/katalog\/wp-json\/wp\/v2\/product"}],"about":[{"href":"https:\/\/www.hirtenberg-apotheke.at\/katalog\/wp-json\/wp\/v2\/types\/product"}],"wp:featuredmedia":[{"embeddable":true,"href":"https:\/\/www.hirtenberg-apotheke.at\/katalog\/wp-json\/wp\/v2\/media\/55139"}],"wp:attachment":[{"href":"https:\/\/www.hirtenberg-apotheke.at\/katalog\/wp-json\/wp\/v2\/media?parent=55137"}],"wp:term":[{"taxonomy":"product_brand","embeddable":true,"href":"https:\/\/www.hirtenberg-apotheke.at\/katalog\/wp-json\/wp\/v2\/product_brand?post=55137"},{"taxonomy":"product_cat","embeddable":true,"href":"https:\/\/www.hirtenberg-apotheke.at\/katalog\/wp-json\/wp\/v2\/product_cat?post=55137"},{"taxonomy":"product_tag","embeddable":true,"href":"https:\/\/www.hirtenberg-apotheke.at\/katalog\/wp-json\/wp\/v2\/product_tag?post=55137"}],"curies":[{"name":"wp","href":"https:\/\/api.w.org\/{rel}","templated":true}]}}