{"id":55291,"date":"2025-11-26T16:30:00","date_gmt":"2025-11-26T15:30:00","guid":{"rendered":"https:\/\/www.hirtenberg-apotheke.at\/katalog\/produkt\/enzborn-totes-meer-feuchtigkeitspflege-mild\/"},"modified":"2025-11-26T16:30:48","modified_gmt":"2025-11-26T15:30:48","slug":"enzborn-totes-meer-feuchtigkeitspflege-mild","status":"publish","type":"product","link":"https:\/\/www.hirtenberg-apotheke.at\/katalog\/produkt\/enzborn-totes-meer-feuchtigkeitspflege-mild\/","title":{"rendered":"Enzborn Totes Meer Feuchtigkeitspflege Mild"},"content":{"rendered":"<p>Enzborn Totes Meer Feuchtigkeitspflege Mild gibt der Haut auf nat\u00fcrliche Weise ihre Spannkraft und Elastitzit\u00e4t zur\u00fcck. Durch einen reichhaltigen Algenextrakt und die Pflegestoffe Vitamin E, Macadamia\u00f6l und Allantoin wird au\u00dferdem der Fett- und Feuchtigkeitshaushalt der Haut reguliert. Nat\u00fcrliche Feuchtigkeit wird gespeichert, die Haut wird glatt und weich.<\/p>\n","protected":false},"excerpt":{"rendered":"<p>Enzborn Totes Meer Feuchtigkeitspflege Mild gibt der Haut auf nat\u00fcrliche Weise ihre Spannkraft und Elastitzit\u00e4t zur\u00fcck. Durch einen reichhaltigen Algenextrakt und die Pflegestoffe Vitamin E, Macadamia\u00f6l und Allantoin wird au\u00dferdem der Fett- und Feuchtigkeitshaushalt der Haut reguliert. Nat\u00fcrliche Feuchtigkeit wird gespeichert, die Haut wird glatt und weich.<\/p>\n","protected":false},"featured_media":55293,"template":"","meta":{"_acf_changed":false},"product_brand":[672],"product_cat":[307],"product_tag":[],"class_list":{"0":"post-55291","1":"product","2":"type-product","3":"status-publish","4":"has-post-thumbnail","6":"product_brand-enzborn","7":"product_cat-e","8":"pa_packungsgroesse-250ml","10":"first","11":"instock","12":"shipping-taxable","13":"purchasable","14":"product-type-simple"},"acf":[],"_links":{"self":[{"href":"https:\/\/www.hirtenberg-apotheke.at\/katalog\/wp-json\/wp\/v2\/product\/55291","targetHints":{"allow":["GET"]}}],"collection":[{"href":"https:\/\/www.hirtenberg-apotheke.at\/katalog\/wp-json\/wp\/v2\/product"}],"about":[{"href":"https:\/\/www.hirtenberg-apotheke.at\/katalog\/wp-json\/wp\/v2\/types\/product"}],"wp:featuredmedia":[{"embeddable":true,"href":"https:\/\/www.hirtenberg-apotheke.at\/katalog\/wp-json\/wp\/v2\/media\/55293"}],"wp:attachment":[{"href":"https:\/\/www.hirtenberg-apotheke.at\/katalog\/wp-json\/wp\/v2\/media?parent=55291"}],"wp:term":[{"taxonomy":"product_brand","embeddable":true,"href":"https:\/\/www.hirtenberg-apotheke.at\/katalog\/wp-json\/wp\/v2\/product_brand?post=55291"},{"taxonomy":"product_cat","embeddable":true,"href":"https:\/\/www.hirtenberg-apotheke.at\/katalog\/wp-json\/wp\/v2\/product_cat?post=55291"},{"taxonomy":"product_tag","embeddable":true,"href":"https:\/\/www.hirtenberg-apotheke.at\/katalog\/wp-json\/wp\/v2\/product_tag?post=55291"}],"curies":[{"name":"wp","href":"https:\/\/api.w.org\/{rel}","templated":true}]}}