{"id":55581,"date":"2025-11-26T16:36:37","date_gmt":"2025-11-26T15:36:37","guid":{"rendered":"https:\/\/www.hirtenberg-apotheke.at\/katalog\/produkt\/nuxe-sun-sonnenspray-lsf-50-150-ml\/"},"modified":"2025-11-26T16:36:42","modified_gmt":"2025-11-26T15:36:42","slug":"nuxe-sun-sonnenspray-lsf-50-150-ml","status":"publish","type":"product","link":"https:\/\/www.hirtenberg-apotheke.at\/katalog\/produkt\/nuxe-sun-sonnenspray-lsf-50-150-ml\/","title":{"rendered":"Nuxe Sun Sonnenspray LSF 50 150 ml"},"content":{"rendered":"<p>Suxe Sun Sonnenspray LSF 50 mit hohem Schutz, basierend auf Wasser- und Sommerblumen, sch\u00fctzt vor den sichtbaren Zeichen vorzeitiger Hautalterung, bedingt durch UV-Strahlung. Das praktische Spray verf\u00fcgt \u00fcber eine wunderbar leichte, zart schmelzende Textur, die sowohl Wasser als auch Schwitzen standh\u00e4lt. Perfekt f\u00fcr einfach jede Sportart. Die Haut wird ideal gesch\u00fctzt, mit Feuchtigkeit versorgt und beruhigt, f\u00fcr eine wundersch\u00f6ne Br\u00e4une.<\/p>\n","protected":false},"excerpt":{"rendered":"<p>Suxe Sun Sonnenspray LSF 50 mit hohem Schutz, basierend auf Wasser- und Sommerblumen, sch\u00fctzt vor den sichtbaren Zeichen vorzeitiger Hautalterung, bedingt durch UV-Strahlung. Das praktische Spray verf\u00fcgt \u00fcber eine wunderbar leichte, zart schmelzende Textur, die sowohl Wasser als auch Schwitzen standh\u00e4lt. Perfekt f\u00fcr einfach jede Sportart. Die Haut wird ideal gesch\u00fctzt, mit Feuchtigkeit versorgt und [&hellip;]<\/p>\n","protected":false},"featured_media":55583,"template":"","meta":{"_acf_changed":false},"product_brand":[720],"product_cat":[310],"product_tag":[],"class_list":{"0":"post-55581","1":"product","2":"type-product","3":"status-publish","4":"has-post-thumbnail","6":"product_brand-nuxe","7":"product_cat-n","8":"pa_packungsgroesse-150ml","10":"first","11":"instock","12":"shipping-taxable","13":"purchasable","14":"product-type-simple"},"acf":[],"_links":{"self":[{"href":"https:\/\/www.hirtenberg-apotheke.at\/katalog\/wp-json\/wp\/v2\/product\/55581","targetHints":{"allow":["GET"]}}],"collection":[{"href":"https:\/\/www.hirtenberg-apotheke.at\/katalog\/wp-json\/wp\/v2\/product"}],"about":[{"href":"https:\/\/www.hirtenberg-apotheke.at\/katalog\/wp-json\/wp\/v2\/types\/product"}],"wp:featuredmedia":[{"embeddable":true,"href":"https:\/\/www.hirtenberg-apotheke.at\/katalog\/wp-json\/wp\/v2\/media\/55583"}],"wp:attachment":[{"href":"https:\/\/www.hirtenberg-apotheke.at\/katalog\/wp-json\/wp\/v2\/media?parent=55581"}],"wp:term":[{"taxonomy":"product_brand","embeddable":true,"href":"https:\/\/www.hirtenberg-apotheke.at\/katalog\/wp-json\/wp\/v2\/product_brand?post=55581"},{"taxonomy":"product_cat","embeddable":true,"href":"https:\/\/www.hirtenberg-apotheke.at\/katalog\/wp-json\/wp\/v2\/product_cat?post=55581"},{"taxonomy":"product_tag","embeddable":true,"href":"https:\/\/www.hirtenberg-apotheke.at\/katalog\/wp-json\/wp\/v2\/product_tag?post=55581"}],"curies":[{"name":"wp","href":"https:\/\/api.w.org\/{rel}","templated":true}]}}