{"id":55608,"date":"2025-11-26T16:37:19","date_gmt":"2025-11-26T15:37:19","guid":{"rendered":"https:\/\/www.hirtenberg-apotheke.at\/katalog\/produkt\/curasorb-alginat-wundverband-10-stk-5-x-5-cm\/"},"modified":"2025-11-26T16:37:35","modified_gmt":"2025-11-26T15:37:35","slug":"curasorb-alginat-wundverband-10-stk-5-x-5-cm","status":"publish","type":"product","link":"https:\/\/www.hirtenberg-apotheke.at\/katalog\/produkt\/curasorb-alginat-wundverband-10-stk-5-x-5-cm\/","title":{"rendered":"Curasorb Alginat Wundverband 10 Stk. 5 x 5 cm"},"content":{"rendered":"<p>Curasorb Alginat Wundverband ist geeignet f\u00fcr m\u00e4\u00dfig bis stark n\u00e4ssende und chronische Wunden. Au\u00dferdem wird ein ideal-feuchtes Wundmilieu aufrecht erhalten und der Wundheilungsprozess beschleunigt. F\u00fcr einen schmerzfreien Verbandwechsel<\/p>\n","protected":false},"excerpt":{"rendered":"<p>Curasorb Alginat Wundverband ist geeignet f\u00fcr m\u00e4\u00dfig bis stark n\u00e4ssende und chronische Wunden. Au\u00dferdem wird ein ideal-feuchtes Wundmilieu aufrecht erhalten und der Wundheilungsprozess beschleunigt. F\u00fcr einen schmerzfreien Verbandwechsel<\/p>\n","protected":false},"featured_media":55610,"template":"","meta":{"_acf_changed":false},"product_brand":[],"product_cat":[337],"product_tag":[],"class_list":{"0":"post-55608","1":"product","2":"type-product","3":"status-publish","4":"has-post-thumbnail","6":"product_cat-c","7":"pa_packungsgroesse-10-stueck","9":"first","10":"instock","11":"shipping-taxable","12":"purchasable","13":"product-type-simple"},"acf":[],"_links":{"self":[{"href":"https:\/\/www.hirtenberg-apotheke.at\/katalog\/wp-json\/wp\/v2\/product\/55608","targetHints":{"allow":["GET"]}}],"collection":[{"href":"https:\/\/www.hirtenberg-apotheke.at\/katalog\/wp-json\/wp\/v2\/product"}],"about":[{"href":"https:\/\/www.hirtenberg-apotheke.at\/katalog\/wp-json\/wp\/v2\/types\/product"}],"wp:featuredmedia":[{"embeddable":true,"href":"https:\/\/www.hirtenberg-apotheke.at\/katalog\/wp-json\/wp\/v2\/media\/55610"}],"wp:attachment":[{"href":"https:\/\/www.hirtenberg-apotheke.at\/katalog\/wp-json\/wp\/v2\/media?parent=55608"}],"wp:term":[{"taxonomy":"product_brand","embeddable":true,"href":"https:\/\/www.hirtenberg-apotheke.at\/katalog\/wp-json\/wp\/v2\/product_brand?post=55608"},{"taxonomy":"product_cat","embeddable":true,"href":"https:\/\/www.hirtenberg-apotheke.at\/katalog\/wp-json\/wp\/v2\/product_cat?post=55608"},{"taxonomy":"product_tag","embeddable":true,"href":"https:\/\/www.hirtenberg-apotheke.at\/katalog\/wp-json\/wp\/v2\/product_tag?post=55608"}],"curies":[{"name":"wp","href":"https:\/\/api.w.org\/{rel}","templated":true}]}}