{"id":55709,"date":"2025-11-26T16:39:01","date_gmt":"2025-11-26T15:39:01","guid":{"rendered":"https:\/\/www.hirtenberg-apotheke.at\/katalog\/produkt\/chap-stick-lippenpflege-med-1-stk\/"},"modified":"2025-11-26T16:39:36","modified_gmt":"2025-11-26T15:39:36","slug":"chap-stick-lippenpflege-med-1-stk","status":"publish","type":"product","link":"https:\/\/www.hirtenberg-apotheke.at\/katalog\/produkt\/chap-stick-lippenpflege-med-1-stk\/","title":{"rendered":"Chap Stick Lippenpflege Med 1 Stk."},"content":{"rendered":"<p>Chap Stick Lippenpflege Medicated hilft bei Fieberblasen, Rissen und durch Witterung belastete Lippen. Er lindert die Schmerzen und unterst\u00fctzt die Lippenheilung. Au\u00dferdem dient der Lippenbalsam der Vorbeugung von trockenen, sonnenbelasteten und windgesch\u00e4digten Lippen.<\/p>\n","protected":false},"excerpt":{"rendered":"<p>Chap Stick Lippenpflege Medicated hilft bei Fieberblasen, Rissen und durch Witterung belastete Lippen. Er lindert die Schmerzen und unterst\u00fctzt die Lippenheilung. Au\u00dferdem dient der Lippenbalsam der Vorbeugung von trockenen, sonnenbelasteten und windgesch\u00e4digten Lippen.<\/p>\n","protected":false},"featured_media":55711,"template":"","meta":{"_acf_changed":false},"product_brand":[],"product_cat":[337],"product_tag":[],"class_list":{"0":"post-55709","1":"product","2":"type-product","3":"status-publish","4":"has-post-thumbnail","6":"product_cat-c","7":"pa_packungsgroesse-1-stueck","9":"first","10":"instock","11":"shipping-taxable","12":"purchasable","13":"product-type-simple"},"acf":[],"_links":{"self":[{"href":"https:\/\/www.hirtenberg-apotheke.at\/katalog\/wp-json\/wp\/v2\/product\/55709","targetHints":{"allow":["GET"]}}],"collection":[{"href":"https:\/\/www.hirtenberg-apotheke.at\/katalog\/wp-json\/wp\/v2\/product"}],"about":[{"href":"https:\/\/www.hirtenberg-apotheke.at\/katalog\/wp-json\/wp\/v2\/types\/product"}],"wp:featuredmedia":[{"embeddable":true,"href":"https:\/\/www.hirtenberg-apotheke.at\/katalog\/wp-json\/wp\/v2\/media\/55711"}],"wp:attachment":[{"href":"https:\/\/www.hirtenberg-apotheke.at\/katalog\/wp-json\/wp\/v2\/media?parent=55709"}],"wp:term":[{"taxonomy":"product_brand","embeddable":true,"href":"https:\/\/www.hirtenberg-apotheke.at\/katalog\/wp-json\/wp\/v2\/product_brand?post=55709"},{"taxonomy":"product_cat","embeddable":true,"href":"https:\/\/www.hirtenberg-apotheke.at\/katalog\/wp-json\/wp\/v2\/product_cat?post=55709"},{"taxonomy":"product_tag","embeddable":true,"href":"https:\/\/www.hirtenberg-apotheke.at\/katalog\/wp-json\/wp\/v2\/product_tag?post=55709"}],"curies":[{"name":"wp","href":"https:\/\/api.w.org\/{rel}","templated":true}]}}