{"id":55811,"date":"2025-11-26T16:41:11","date_gmt":"2025-11-26T15:41:11","guid":{"rendered":"https:\/\/www.hirtenberg-apotheke.at\/katalog\/produkt\/glutathion-tabletten-mse-300mg-60-stk\/"},"modified":"2025-11-26T16:41:32","modified_gmt":"2025-11-26T15:41:32","slug":"glutathion-tabletten-mse-300mg-60-stk","status":"publish","type":"product","link":"https:\/\/www.hirtenberg-apotheke.at\/katalog\/produkt\/glutathion-tabletten-mse-300mg-60-stk\/","title":{"rendered":"Glutathion Tabletten MSE 300mg 60 Stk."},"content":{"rendered":"<p>Glutathion Tabletten MSE sind ein Nahrungserg\u00e4nzungsmittel mit 300 mg reduziertem Glutathion pro Tablette. F\u00fcr die physiologische Funktion des Glutathions sind ausreichende Konzentrationen der Spurenelemente Selen und Zink notwendig. Dar\u00fcber hinaus ist eine optimale Glutathionfunktion abh\u00e4ngig von einer ausreichenden Verf\u00fcgbarkeit der Vitamine B12, C, E und Fols\u00e4ure sowie von dem Spurenelement Mangan.<\/p>\n","protected":false},"excerpt":{"rendered":"<p>Glutathion Tabletten MSE sind ein Nahrungserg\u00e4nzungsmittel mit 300 mg reduziertem Glutathion pro Tablette. F\u00fcr die physiologische Funktion des Glutathions sind ausreichende Konzentrationen der Spurenelemente Selen und Zink notwendig. Dar\u00fcber hinaus ist eine optimale Glutathionfunktion abh\u00e4ngig von einer ausreichenden Verf\u00fcgbarkeit der Vitamine B12, C, E und Fols\u00e4ure sowie von dem Spurenelement Mangan.<\/p>\n","protected":false},"featured_media":55813,"template":"","meta":{"_acf_changed":false},"product_brand":[],"product_cat":[328],"product_tag":[],"class_list":{"0":"post-55811","1":"product","2":"type-product","3":"status-publish","4":"has-post-thumbnail","6":"product_cat-g","7":"pa_packungsgroesse-60-stueck","9":"first","10":"instock","11":"shipping-taxable","12":"purchasable","13":"product-type-simple"},"acf":[],"_links":{"self":[{"href":"https:\/\/www.hirtenberg-apotheke.at\/katalog\/wp-json\/wp\/v2\/product\/55811","targetHints":{"allow":["GET"]}}],"collection":[{"href":"https:\/\/www.hirtenberg-apotheke.at\/katalog\/wp-json\/wp\/v2\/product"}],"about":[{"href":"https:\/\/www.hirtenberg-apotheke.at\/katalog\/wp-json\/wp\/v2\/types\/product"}],"wp:featuredmedia":[{"embeddable":true,"href":"https:\/\/www.hirtenberg-apotheke.at\/katalog\/wp-json\/wp\/v2\/media\/55813"}],"wp:attachment":[{"href":"https:\/\/www.hirtenberg-apotheke.at\/katalog\/wp-json\/wp\/v2\/media?parent=55811"}],"wp:term":[{"taxonomy":"product_brand","embeddable":true,"href":"https:\/\/www.hirtenberg-apotheke.at\/katalog\/wp-json\/wp\/v2\/product_brand?post=55811"},{"taxonomy":"product_cat","embeddable":true,"href":"https:\/\/www.hirtenberg-apotheke.at\/katalog\/wp-json\/wp\/v2\/product_cat?post=55811"},{"taxonomy":"product_tag","embeddable":true,"href":"https:\/\/www.hirtenberg-apotheke.at\/katalog\/wp-json\/wp\/v2\/product_tag?post=55811"}],"curies":[{"name":"wp","href":"https:\/\/api.w.org\/{rel}","templated":true}]}}