{"id":56342,"date":"2025-11-26T16:57:11","date_gmt":"2025-11-26T15:57:11","guid":{"rendered":"https:\/\/www.hirtenberg-apotheke.at\/katalog\/produkt\/washing-solution-sigv-strumpf\/"},"modified":"2025-11-26T16:57:32","modified_gmt":"2025-11-26T15:57:32","slug":"washing-solution-sigv-strumpf","status":"publish","type":"product","link":"https:\/\/www.hirtenberg-apotheke.at\/katalog\/produkt\/washing-solution-sigv-strumpf\/","title":{"rendered":"Washing Solution Sigv\/strumpf"},"content":{"rendered":"<p>Washing Solution Sigv\/strumpf erf\u00fcllt alle Anforderungen zur optimalen Pflege der Str\u00fcmpfe und kann zus\u00e4tzlich f\u00fcr die gesamte Feinw\u00e4sche verwendet werden.<\/p>\n","protected":false},"excerpt":{"rendered":"<p>Washing Solution Sigv\/strumpf erf\u00fcllt alle Anforderungen zur optimalen Pflege der Str\u00fcmpfe und kann zus\u00e4tzlich f\u00fcr die gesamte Feinw\u00e4sche verwendet werden.<\/p>\n","protected":false},"featured_media":56344,"template":"","meta":{"_acf_changed":false},"product_brand":[],"product_cat":[368],"product_tag":[],"class_list":{"0":"post-56342","1":"product","2":"type-product","3":"status-publish","4":"has-post-thumbnail","6":"product_cat-w","7":"pa_packungsgroesse-250ml","9":"first","10":"instock","11":"shipping-taxable","12":"purchasable","13":"product-type-simple"},"acf":[],"_links":{"self":[{"href":"https:\/\/www.hirtenberg-apotheke.at\/katalog\/wp-json\/wp\/v2\/product\/56342","targetHints":{"allow":["GET"]}}],"collection":[{"href":"https:\/\/www.hirtenberg-apotheke.at\/katalog\/wp-json\/wp\/v2\/product"}],"about":[{"href":"https:\/\/www.hirtenberg-apotheke.at\/katalog\/wp-json\/wp\/v2\/types\/product"}],"wp:featuredmedia":[{"embeddable":true,"href":"https:\/\/www.hirtenberg-apotheke.at\/katalog\/wp-json\/wp\/v2\/media\/56344"}],"wp:attachment":[{"href":"https:\/\/www.hirtenberg-apotheke.at\/katalog\/wp-json\/wp\/v2\/media?parent=56342"}],"wp:term":[{"taxonomy":"product_brand","embeddable":true,"href":"https:\/\/www.hirtenberg-apotheke.at\/katalog\/wp-json\/wp\/v2\/product_brand?post=56342"},{"taxonomy":"product_cat","embeddable":true,"href":"https:\/\/www.hirtenberg-apotheke.at\/katalog\/wp-json\/wp\/v2\/product_cat?post=56342"},{"taxonomy":"product_tag","embeddable":true,"href":"https:\/\/www.hirtenberg-apotheke.at\/katalog\/wp-json\/wp\/v2\/product_tag?post=56342"}],"curies":[{"name":"wp","href":"https:\/\/api.w.org\/{rel}","templated":true}]}}