{"id":56425,"date":"2025-11-26T16:58:58","date_gmt":"2025-11-26T15:58:58","guid":{"rendered":"https:\/\/www.hirtenberg-apotheke.at\/katalog\/produkt\/kneipp-ruecken-nacken-balsam-100-ml\/"},"modified":"2025-11-26T16:59:06","modified_gmt":"2025-11-26T15:59:06","slug":"kneipp-ruecken-nacken-balsam-100-ml","status":"publish","type":"product","link":"https:\/\/www.hirtenberg-apotheke.at\/katalog\/produkt\/kneipp-ruecken-nacken-balsam-100-ml\/","title":{"rendered":"Kneipp R\u00fccken &#038; Nacken Balsam 100 ml"},"content":{"rendered":"<p>Kneipp R\u00fccken &#038; Nacken Balsam 100 ml enth\u00e4lt wertvollen Teufelskrallenextrakt, nat\u00fcrliches \u00e4therisches Cajeput\u00f6l und eine wohlriechende Duftkombination \u00e4therischer \u00d6le. Die reichhaltige Formel mit hochwertiger Sheabutter, feuchtigkeitsspendendem Mandel\u00f6l und pflegendem Sonnenblumen\u00f6l l\u00e4sst sich leicht verteilen und ist gut geeignet bei der Anwendung einer Massage. Der Balsam kann in Kombination mit der Massage die Durchblutung anregen und einen angenehmen W\u00e4rmeeffekt entfalten. Beanspruchte Muskeln im R\u00fccken und Nackenbereich werden dadurch gelockert und entspannt.<\/p>\n","protected":false},"excerpt":{"rendered":"<p>Kneipp R\u00fccken &#038; Nacken Balsam 100 ml enth\u00e4lt wertvollen Teufelskrallenextrakt, nat\u00fcrliches \u00e4therisches Cajeput\u00f6l und eine wohlriechende Duftkombination \u00e4therischer \u00d6le. Die reichhaltige Formel mit hochwertiger Sheabutter, feuchtigkeitsspendendem Mandel\u00f6l und pflegendem Sonnenblumen\u00f6l l\u00e4sst sich leicht verteilen und ist gut geeignet bei der Anwendung einer Massage. Der Balsam kann in Kombination mit der Massage die Durchblutung anregen und [&hellip;]<\/p>\n","protected":false},"featured_media":56427,"template":"","meta":{"_acf_changed":false},"product_brand":[680],"product_cat":[387],"product_tag":[],"class_list":{"0":"post-56425","1":"product","2":"type-product","3":"status-publish","4":"has-post-thumbnail","6":"product_brand-kneipp","7":"product_cat-k","8":"pa_packungsgroesse-100ml","10":"first","11":"instock","12":"shipping-taxable","13":"purchasable","14":"product-type-simple"},"acf":[],"_links":{"self":[{"href":"https:\/\/www.hirtenberg-apotheke.at\/katalog\/wp-json\/wp\/v2\/product\/56425","targetHints":{"allow":["GET"]}}],"collection":[{"href":"https:\/\/www.hirtenberg-apotheke.at\/katalog\/wp-json\/wp\/v2\/product"}],"about":[{"href":"https:\/\/www.hirtenberg-apotheke.at\/katalog\/wp-json\/wp\/v2\/types\/product"}],"wp:featuredmedia":[{"embeddable":true,"href":"https:\/\/www.hirtenberg-apotheke.at\/katalog\/wp-json\/wp\/v2\/media\/56427"}],"wp:attachment":[{"href":"https:\/\/www.hirtenberg-apotheke.at\/katalog\/wp-json\/wp\/v2\/media?parent=56425"}],"wp:term":[{"taxonomy":"product_brand","embeddable":true,"href":"https:\/\/www.hirtenberg-apotheke.at\/katalog\/wp-json\/wp\/v2\/product_brand?post=56425"},{"taxonomy":"product_cat","embeddable":true,"href":"https:\/\/www.hirtenberg-apotheke.at\/katalog\/wp-json\/wp\/v2\/product_cat?post=56425"},{"taxonomy":"product_tag","embeddable":true,"href":"https:\/\/www.hirtenberg-apotheke.at\/katalog\/wp-json\/wp\/v2\/product_tag?post=56425"}],"curies":[{"name":"wp","href":"https:\/\/api.w.org\/{rel}","templated":true}]}}