{"id":56662,"date":"2025-11-26T17:03:44","date_gmt":"2025-11-26T16:03:44","guid":{"rendered":"https:\/\/www.hirtenberg-apotheke.at\/katalog\/produkt\/the-heatcompany-waermeguertel-3-stk\/"},"modified":"2025-11-26T17:04:21","modified_gmt":"2025-11-26T16:04:21","slug":"the-heatcompany-waermeguertel-3-stk","status":"publish","type":"product","link":"https:\/\/www.hirtenberg-apotheke.at\/katalog\/produkt\/the-heatcompany-waermeguertel-3-stk\/","title":{"rendered":"The Heatcompany W\u00e4rmeg\u00fcrtel 3 Stk."},"content":{"rendered":"<p>The Heatcompany W\u00e4rmeg\u00fcrtel w\u00e4rmt 12 Stunden rundum. Die Pads erw\u00e4rmen sich von selbst an der Luft und sind unge\u00f6ffnet mehrere Jahre haltbar.<\/p>\n","protected":false},"excerpt":{"rendered":"<p>The Heatcompany W\u00e4rmeg\u00fcrtel w\u00e4rmt 12 Stunden rundum. Die Pads erw\u00e4rmen sich von selbst an der Luft und sind unge\u00f6ffnet mehrere Jahre haltbar.<\/p>\n","protected":false},"featured_media":56664,"template":"","meta":{"_acf_changed":false},"product_brand":[],"product_cat":[319],"product_tag":[],"class_list":{"0":"post-56662","1":"product","2":"type-product","3":"status-publish","4":"has-post-thumbnail","6":"product_cat-t","7":"pa_packungsgroesse-3-stueck","9":"first","10":"instock","11":"shipping-taxable","12":"purchasable","13":"product-type-simple"},"acf":[],"_links":{"self":[{"href":"https:\/\/www.hirtenberg-apotheke.at\/katalog\/wp-json\/wp\/v2\/product\/56662","targetHints":{"allow":["GET"]}}],"collection":[{"href":"https:\/\/www.hirtenberg-apotheke.at\/katalog\/wp-json\/wp\/v2\/product"}],"about":[{"href":"https:\/\/www.hirtenberg-apotheke.at\/katalog\/wp-json\/wp\/v2\/types\/product"}],"wp:featuredmedia":[{"embeddable":true,"href":"https:\/\/www.hirtenberg-apotheke.at\/katalog\/wp-json\/wp\/v2\/media\/56664"}],"wp:attachment":[{"href":"https:\/\/www.hirtenberg-apotheke.at\/katalog\/wp-json\/wp\/v2\/media?parent=56662"}],"wp:term":[{"taxonomy":"product_brand","embeddable":true,"href":"https:\/\/www.hirtenberg-apotheke.at\/katalog\/wp-json\/wp\/v2\/product_brand?post=56662"},{"taxonomy":"product_cat","embeddable":true,"href":"https:\/\/www.hirtenberg-apotheke.at\/katalog\/wp-json\/wp\/v2\/product_cat?post=56662"},{"taxonomy":"product_tag","embeddable":true,"href":"https:\/\/www.hirtenberg-apotheke.at\/katalog\/wp-json\/wp\/v2\/product_tag?post=56662"}],"curies":[{"name":"wp","href":"https:\/\/api.w.org\/{rel}","templated":true}]}}