{"id":56966,"date":"2025-11-26T17:10:02","date_gmt":"2025-11-26T16:10:02","guid":{"rendered":"https:\/\/www.hirtenberg-apotheke.at\/katalog\/produkt\/verbandklammer-weiss-100-stk\/"},"modified":"2025-11-26T17:10:08","modified_gmt":"2025-11-26T16:10:08","slug":"verbandklammer-weiss-100-stk","status":"publish","type":"product","link":"https:\/\/www.hirtenberg-apotheke.at\/katalog\/produkt\/verbandklammer-weiss-100-stk\/","title":{"rendered":"Verbandklammer Wei\u00df 100 Stk."},"content":{"rendered":"<p>Verbandklammer Wei\u00df wird zur Fixierung der Binde w\u00e4hrend der Lagerung angewendet. Die kleinen Haken versichern einen festen Halt und verhinders somit, dass sich der Verband ungewollt \u00f6ffnet.<\/p>\n","protected":false},"excerpt":{"rendered":"<p>Verbandklammer Wei\u00df wird zur Fixierung der Binde w\u00e4hrend der Lagerung angewendet. Die kleinen Haken versichern einen festen Halt und verhinders somit, dass sich der Verband ungewollt \u00f6ffnet.<\/p>\n","protected":false},"featured_media":56968,"template":"","meta":{"_acf_changed":false},"product_brand":[],"product_cat":[300],"product_tag":[],"class_list":{"0":"post-56966","1":"product","2":"type-product","3":"status-publish","4":"has-post-thumbnail","6":"product_cat-v","7":"pa_packungsgroesse-500-stueck","9":"first","10":"instock","11":"shipping-taxable","12":"purchasable","13":"product-type-simple"},"acf":[],"_links":{"self":[{"href":"https:\/\/www.hirtenberg-apotheke.at\/katalog\/wp-json\/wp\/v2\/product\/56966","targetHints":{"allow":["GET"]}}],"collection":[{"href":"https:\/\/www.hirtenberg-apotheke.at\/katalog\/wp-json\/wp\/v2\/product"}],"about":[{"href":"https:\/\/www.hirtenberg-apotheke.at\/katalog\/wp-json\/wp\/v2\/types\/product"}],"wp:featuredmedia":[{"embeddable":true,"href":"https:\/\/www.hirtenberg-apotheke.at\/katalog\/wp-json\/wp\/v2\/media\/56968"}],"wp:attachment":[{"href":"https:\/\/www.hirtenberg-apotheke.at\/katalog\/wp-json\/wp\/v2\/media?parent=56966"}],"wp:term":[{"taxonomy":"product_brand","embeddable":true,"href":"https:\/\/www.hirtenberg-apotheke.at\/katalog\/wp-json\/wp\/v2\/product_brand?post=56966"},{"taxonomy":"product_cat","embeddable":true,"href":"https:\/\/www.hirtenberg-apotheke.at\/katalog\/wp-json\/wp\/v2\/product_cat?post=56966"},{"taxonomy":"product_tag","embeddable":true,"href":"https:\/\/www.hirtenberg-apotheke.at\/katalog\/wp-json\/wp\/v2\/product_tag?post=56966"}],"curies":[{"name":"wp","href":"https:\/\/api.w.org\/{rel}","templated":true}]}}