{"id":57043,"date":"2025-11-26T17:11:21","date_gmt":"2025-11-26T16:11:21","guid":{"rendered":"https:\/\/www.hirtenberg-apotheke.at\/katalog\/produkt\/paraffinkompresse-schmidt-12-1-stk\/"},"modified":"2025-11-26T17:11:49","modified_gmt":"2025-11-26T16:11:49","slug":"paraffinkompresse-schmidt-12-1-stk","status":"publish","type":"product","link":"https:\/\/www.hirtenberg-apotheke.at\/katalog\/produkt\/paraffinkompresse-schmidt-12-1-stk\/","title":{"rendered":"Paraffinkompresse Schmidt 12 1 Stk."},"content":{"rendered":"<p>Paraffinkompresse Schmidt 1020 1 Stk. eignet sich zur schnellen, sauberen und einfachen W\u00e4rmetherapie. Die Paraffinkompressen erm\u00f6glichen einen rationellen, hygienischen sowie preiswerten Einsatz bei W\u00e4rmebehandlungen in der Praxis oder zu Hause. Die Kompressen zeichnen sich durch ihr breites Wirkungsspektrum aus und eignen sich zur Anwendung bei Durchblutungsst\u00f6rungen, Prellungen, Verstauchungen, Zerrungen, Verrenkungen, Muskelverspannungen und rheumatischen Erkrankungen.<\/p>\n","protected":false},"excerpt":{"rendered":"<p>Paraffinkompresse Schmidt 1020 1 Stk. eignet sich zur schnellen, sauberen und einfachen W\u00e4rmetherapie. Die Paraffinkompressen erm\u00f6glichen einen rationellen, hygienischen sowie preiswerten Einsatz bei W\u00e4rmebehandlungen in der Praxis oder zu Hause. Die Kompressen zeichnen sich durch ihr breites Wirkungsspektrum aus und eignen sich zur Anwendung bei Durchblutungsst\u00f6rungen, Prellungen, Verstauchungen, Zerrungen, Verrenkungen, Muskelverspannungen und rheumatischen Erkrankungen.<\/p>\n","protected":false},"featured_media":0,"template":"","meta":{"_acf_changed":false},"product_brand":[],"product_cat":[302],"product_tag":[],"class_list":{"0":"post-57043","1":"product","2":"type-product","3":"status-publish","5":"product_cat-p","6":"pa_packungsgroesse-1-stueck","8":"first","9":"instock","10":"shipping-taxable","11":"purchasable","12":"product-type-simple"},"acf":[],"_links":{"self":[{"href":"https:\/\/www.hirtenberg-apotheke.at\/katalog\/wp-json\/wp\/v2\/product\/57043","targetHints":{"allow":["GET"]}}],"collection":[{"href":"https:\/\/www.hirtenberg-apotheke.at\/katalog\/wp-json\/wp\/v2\/product"}],"about":[{"href":"https:\/\/www.hirtenberg-apotheke.at\/katalog\/wp-json\/wp\/v2\/types\/product"}],"wp:attachment":[{"href":"https:\/\/www.hirtenberg-apotheke.at\/katalog\/wp-json\/wp\/v2\/media?parent=57043"}],"wp:term":[{"taxonomy":"product_brand","embeddable":true,"href":"https:\/\/www.hirtenberg-apotheke.at\/katalog\/wp-json\/wp\/v2\/product_brand?post=57043"},{"taxonomy":"product_cat","embeddable":true,"href":"https:\/\/www.hirtenberg-apotheke.at\/katalog\/wp-json\/wp\/v2\/product_cat?post=57043"},{"taxonomy":"product_tag","embeddable":true,"href":"https:\/\/www.hirtenberg-apotheke.at\/katalog\/wp-json\/wp\/v2\/product_tag?post=57043"}],"curies":[{"name":"wp","href":"https:\/\/api.w.org\/{rel}","templated":true}]}}