{"id":57635,"date":"2025-11-26T17:23:07","date_gmt":"2025-11-26T16:23:07","guid":{"rendered":"https:\/\/www.hirtenberg-apotheke.at\/katalog\/produkt\/milupa-aptamil-1-profutura-800-g\/"},"modified":"2025-11-26T17:23:21","modified_gmt":"2025-11-26T16:23:21","slug":"milupa-aptamil-1-profutura-800-g","status":"publish","type":"product","link":"https:\/\/www.hirtenberg-apotheke.at\/katalog\/produkt\/milupa-aptamil-1-profutura-800-g\/","title":{"rendered":"Milupa Aptamil 1 Profutura 800 g"},"content":{"rendered":"<p>Aptamil Profutura\u2122 1 ist von Geburt an geeignet: Zum Zuf\u00fcttern, wenn nicht voll gestillt wird (Zwiemilch-Ern\u00e4hrung) oder zur alleinigen Ern\u00e4hrung, wenn nicht gestillt wird. Jeder Mutter liegt das Wohl ihres Babys besonders am Herzen<\/p>\n","protected":false},"excerpt":{"rendered":"<p>Aptamil Profutura\u2122 1 ist von Geburt an geeignet: Zum Zuf\u00fcttern, wenn nicht voll gestillt wird (Zwiemilch-Ern\u00e4hrung) oder zur alleinigen Ern\u00e4hrung, wenn nicht gestillt wird. Jeder Mutter liegt das Wohl ihres Babys besonders am Herzen<\/p>\n","protected":false},"featured_media":0,"template":"","meta":{"_acf_changed":false},"product_brand":[1011],"product_cat":[308],"product_tag":[],"class_list":{"0":"post-57635","1":"product","2":"type-product","3":"status-publish","5":"product_brand-milupa","6":"product_cat-m","7":"pa_packungsgroesse-800g","9":"first","10":"instock","11":"shipping-taxable","12":"purchasable","13":"product-type-simple"},"acf":[],"_links":{"self":[{"href":"https:\/\/www.hirtenberg-apotheke.at\/katalog\/wp-json\/wp\/v2\/product\/57635","targetHints":{"allow":["GET"]}}],"collection":[{"href":"https:\/\/www.hirtenberg-apotheke.at\/katalog\/wp-json\/wp\/v2\/product"}],"about":[{"href":"https:\/\/www.hirtenberg-apotheke.at\/katalog\/wp-json\/wp\/v2\/types\/product"}],"wp:attachment":[{"href":"https:\/\/www.hirtenberg-apotheke.at\/katalog\/wp-json\/wp\/v2\/media?parent=57635"}],"wp:term":[{"taxonomy":"product_brand","embeddable":true,"href":"https:\/\/www.hirtenberg-apotheke.at\/katalog\/wp-json\/wp\/v2\/product_brand?post=57635"},{"taxonomy":"product_cat","embeddable":true,"href":"https:\/\/www.hirtenberg-apotheke.at\/katalog\/wp-json\/wp\/v2\/product_cat?post=57635"},{"taxonomy":"product_tag","embeddable":true,"href":"https:\/\/www.hirtenberg-apotheke.at\/katalog\/wp-json\/wp\/v2\/product_tag?post=57635"}],"curies":[{"name":"wp","href":"https:\/\/api.w.org\/{rel}","templated":true}]}}