{"id":57844,"date":"2025-11-26T17:27:30","date_gmt":"2025-11-26T16:27:30","guid":{"rendered":"https:\/\/www.hirtenberg-apotheke.at\/katalog\/produkt\/vitamin-d3-kapseln-mse-2000-i-e-90-stk\/"},"modified":"2025-11-26T17:27:51","modified_gmt":"2025-11-26T16:27:51","slug":"vitamin-d3-kapseln-mse-2000-i-e-90-stk","status":"publish","type":"product","link":"https:\/\/www.hirtenberg-apotheke.at\/katalog\/produkt\/vitamin-d3-kapseln-mse-2000-i-e-90-stk\/","title":{"rendered":"Vitamin D3 Kapseln Mse 2000 I.E 90 Stk."},"content":{"rendered":"<p>Vitamin D3 Kapseln Mse 2000 I.E tragen zur normalen Funktion des Immunsystems bei und sorgen f\u00fcr eine normale Erhaltung von Z\u00e4hnen und Knochen. Zudem f\u00f6rdern sie die normale Funktion der Muskeln. Vitamin D3 ist zudem entscheidend an der Aufnahme und Verwertung von Calcium beteiligt, einem wichtigen Baustein des Energiestoffwechsels.<\/p>\n","protected":false},"excerpt":{"rendered":"<p>Vitamin D3 Kapseln Mse 2000 I.E tragen zur normalen Funktion des Immunsystems bei und sorgen f\u00fcr eine normale Erhaltung von Z\u00e4hnen und Knochen. Zudem f\u00f6rdern sie die normale Funktion der Muskeln. Vitamin D3 ist zudem entscheidend an der Aufnahme und Verwertung von Calcium beteiligt, einem wichtigen Baustein des Energiestoffwechsels.<\/p>\n","protected":false},"featured_media":57846,"template":"","meta":{"_acf_changed":false},"product_brand":[],"product_cat":[300],"product_tag":[],"class_list":{"0":"post-57844","1":"product","2":"type-product","3":"status-publish","4":"has-post-thumbnail","6":"product_cat-v","7":"pa_packungsgroesse-90-stueck","9":"first","10":"instock","11":"shipping-taxable","12":"purchasable","13":"product-type-simple"},"acf":[],"_links":{"self":[{"href":"https:\/\/www.hirtenberg-apotheke.at\/katalog\/wp-json\/wp\/v2\/product\/57844","targetHints":{"allow":["GET"]}}],"collection":[{"href":"https:\/\/www.hirtenberg-apotheke.at\/katalog\/wp-json\/wp\/v2\/product"}],"about":[{"href":"https:\/\/www.hirtenberg-apotheke.at\/katalog\/wp-json\/wp\/v2\/types\/product"}],"wp:featuredmedia":[{"embeddable":true,"href":"https:\/\/www.hirtenberg-apotheke.at\/katalog\/wp-json\/wp\/v2\/media\/57846"}],"wp:attachment":[{"href":"https:\/\/www.hirtenberg-apotheke.at\/katalog\/wp-json\/wp\/v2\/media?parent=57844"}],"wp:term":[{"taxonomy":"product_brand","embeddable":true,"href":"https:\/\/www.hirtenberg-apotheke.at\/katalog\/wp-json\/wp\/v2\/product_brand?post=57844"},{"taxonomy":"product_cat","embeddable":true,"href":"https:\/\/www.hirtenberg-apotheke.at\/katalog\/wp-json\/wp\/v2\/product_cat?post=57844"},{"taxonomy":"product_tag","embeddable":true,"href":"https:\/\/www.hirtenberg-apotheke.at\/katalog\/wp-json\/wp\/v2\/product_tag?post=57844"}],"curies":[{"name":"wp","href":"https:\/\/api.w.org\/{rel}","templated":true}]}}