{"id":58030,"date":"2025-11-26T17:31:24","date_gmt":"2025-11-26T16:31:24","guid":{"rendered":"https:\/\/www.hirtenberg-apotheke.at\/katalog\/produkt\/koll-hydrolys-280mg-kapseln-junek-90-stk\/"},"modified":"2025-11-26T17:31:27","modified_gmt":"2025-11-26T16:31:27","slug":"koll-hydrolys-280mg-kapseln-junek-90-stk","status":"publish","type":"product","link":"https:\/\/www.hirtenberg-apotheke.at\/katalog\/produkt\/koll-hydrolys-280mg-kapseln-junek-90-stk\/","title":{"rendered":"Koll. Hydrolys 280mg Kapseln Junek 90 Stk."},"content":{"rendered":"<p>Kollagen Hydrolysat Kapseln unterst\u00fctzen die Gesunderhaltung und Beweglichkeit der Gelenke sowie die Regeneration des Hautbildes. Weiters sorgt Kollagen f\u00fcr die Festigkeit und Elastizit\u00e4t der Haut. Die Kapseln wirken nicht nur dem Abbau entgegen, sondern regen auch die Chondrozyten (knorpelbildenden Zellen) zur Biosynthese von Kollagen an. Dadurch kann vor allem die Gewebsregeneration im Knorpel positiv beeinflusst werden.<\/p>\n","protected":false},"excerpt":{"rendered":"<p>Kollagen Hydrolysat Kapseln unterst\u00fctzen die Gesunderhaltung und Beweglichkeit der Gelenke sowie die Regeneration des Hautbildes. Weiters sorgt Kollagen f\u00fcr die Festigkeit und Elastizit\u00e4t der Haut. Die Kapseln wirken nicht nur dem Abbau entgegen, sondern regen auch die Chondrozyten (knorpelbildenden Zellen) zur Biosynthese von Kollagen an. Dadurch kann vor allem die Gewebsregeneration im Knorpel positiv beeinflusst [&hellip;]<\/p>\n","protected":false},"featured_media":0,"template":"","meta":{"_acf_changed":false},"product_brand":[],"product_cat":[387],"product_tag":[],"class_list":{"0":"post-58030","1":"product","2":"type-product","3":"status-publish","5":"product_cat-k","6":"pa_packungsgroesse-90-stueck","8":"first","9":"instock","10":"shipping-taxable","11":"purchasable","12":"product-type-simple"},"acf":[],"_links":{"self":[{"href":"https:\/\/www.hirtenberg-apotheke.at\/katalog\/wp-json\/wp\/v2\/product\/58030","targetHints":{"allow":["GET"]}}],"collection":[{"href":"https:\/\/www.hirtenberg-apotheke.at\/katalog\/wp-json\/wp\/v2\/product"}],"about":[{"href":"https:\/\/www.hirtenberg-apotheke.at\/katalog\/wp-json\/wp\/v2\/types\/product"}],"wp:attachment":[{"href":"https:\/\/www.hirtenberg-apotheke.at\/katalog\/wp-json\/wp\/v2\/media?parent=58030"}],"wp:term":[{"taxonomy":"product_brand","embeddable":true,"href":"https:\/\/www.hirtenberg-apotheke.at\/katalog\/wp-json\/wp\/v2\/product_brand?post=58030"},{"taxonomy":"product_cat","embeddable":true,"href":"https:\/\/www.hirtenberg-apotheke.at\/katalog\/wp-json\/wp\/v2\/product_cat?post=58030"},{"taxonomy":"product_tag","embeddable":true,"href":"https:\/\/www.hirtenberg-apotheke.at\/katalog\/wp-json\/wp\/v2\/product_tag?post=58030"}],"curies":[{"name":"wp","href":"https:\/\/api.w.org\/{rel}","templated":true}]}}