{"id":58239,"date":"2025-11-26T17:35:09","date_gmt":"2025-11-26T16:35:09","guid":{"rendered":"https:\/\/www.hirtenberg-apotheke.at\/katalog\/produkt\/canal-nagelknipser-mit-kette-vernickelt\/"},"modified":"2025-11-26T17:35:34","modified_gmt":"2025-11-26T16:35:34","slug":"canal-nagelknipser-mit-kette-vernickelt","status":"publish","type":"product","link":"https:\/\/www.hirtenberg-apotheke.at\/katalog\/produkt\/canal-nagelknipser-mit-kette-vernickelt\/","title":{"rendered":"Canal Nagelknipser mit Kette vernickelt"},"content":{"rendered":"<p>&#8211; Runde Schneidefl\u00e4che f\u00fcr eine optimale Nagelform<\/p>\n<p>&#8211; Verst\u00e4rkter Korrosionsschutz durch beschichtete Oberfl\u00e4che<\/p>\n<p>L x B x H: 5 x 1 x 1<\/p>\n","protected":false},"excerpt":{"rendered":"<p>&#8211; Runde Schneidefl\u00e4che f\u00fcr eine optimale Nagelform &#8211; Verst\u00e4rkter Korrosionsschutz durch beschichtete Oberfl\u00e4che L x B x H: 5 x 1 x 1<\/p>\n","protected":false},"featured_media":58241,"template":"","meta":{"_acf_changed":false},"product_brand":[1123],"product_cat":[337],"product_tag":[],"class_list":{"0":"post-58239","1":"product","2":"type-product","3":"status-publish","4":"has-post-thumbnail","6":"product_brand-canal","7":"product_cat-c","8":"pa_packungsgroesse-1-stueck","10":"first","11":"instock","12":"shipping-taxable","13":"purchasable","14":"product-type-simple"},"acf":[],"_links":{"self":[{"href":"https:\/\/www.hirtenberg-apotheke.at\/katalog\/wp-json\/wp\/v2\/product\/58239","targetHints":{"allow":["GET"]}}],"collection":[{"href":"https:\/\/www.hirtenberg-apotheke.at\/katalog\/wp-json\/wp\/v2\/product"}],"about":[{"href":"https:\/\/www.hirtenberg-apotheke.at\/katalog\/wp-json\/wp\/v2\/types\/product"}],"wp:featuredmedia":[{"embeddable":true,"href":"https:\/\/www.hirtenberg-apotheke.at\/katalog\/wp-json\/wp\/v2\/media\/58241"}],"wp:attachment":[{"href":"https:\/\/www.hirtenberg-apotheke.at\/katalog\/wp-json\/wp\/v2\/media?parent=58239"}],"wp:term":[{"taxonomy":"product_brand","embeddable":true,"href":"https:\/\/www.hirtenberg-apotheke.at\/katalog\/wp-json\/wp\/v2\/product_brand?post=58239"},{"taxonomy":"product_cat","embeddable":true,"href":"https:\/\/www.hirtenberg-apotheke.at\/katalog\/wp-json\/wp\/v2\/product_cat?post=58239"},{"taxonomy":"product_tag","embeddable":true,"href":"https:\/\/www.hirtenberg-apotheke.at\/katalog\/wp-json\/wp\/v2\/product_tag?post=58239"}],"curies":[{"name":"wp","href":"https:\/\/api.w.org\/{rel}","templated":true}]}}