{"id":58248,"date":"2025-11-26T17:35:09","date_gmt":"2025-11-26T16:35:09","guid":{"rendered":"https:\/\/www.hirtenberg-apotheke.at\/katalog\/produkt\/antiseptica-fluessigseife-500-ml\/"},"modified":"2025-11-26T17:35:44","modified_gmt":"2025-11-26T16:35:44","slug":"antiseptica-fluessigseife-500-ml","status":"publish","type":"product","link":"https:\/\/www.hirtenberg-apotheke.at\/katalog\/produkt\/antiseptica-fluessigseife-500-ml\/","title":{"rendered":"Antiseptica Fl\u00fcssigseife 500 ml"},"content":{"rendered":"<p>Antiseptica Fl\u00fcssigseife ist eine universelle Waschlotion f\u00fcr alle Bereiche mit h\u00e4ufiger Haut- und H\u00e4ndereinigung. Sie ist zur Anwendung f\u00fcr empfindliche Haut geeignet sowie auch zum Duschen und als Badezusatz. Die Lotion dient ideal als Erg\u00e4nzung zur hygienischen und chirurgischen H\u00e4ndedesinfektion.<\/p>\n","protected":false},"excerpt":{"rendered":"<p>Antiseptica Fl\u00fcssigseife ist eine universelle Waschlotion f\u00fcr alle Bereiche mit h\u00e4ufiger Haut- und H\u00e4ndereinigung. Sie ist zur Anwendung f\u00fcr empfindliche Haut geeignet sowie auch zum Duschen und als Badezusatz. Die Lotion dient ideal als Erg\u00e4nzung zur hygienischen und chirurgischen H\u00e4ndedesinfektion.<\/p>\n","protected":false},"featured_media":0,"template":"","meta":{"_acf_changed":false},"product_brand":[],"product_cat":[299],"product_tag":[],"class_list":{"0":"post-58248","1":"product","2":"type-product","3":"status-publish","5":"product_cat-a","6":"pa_packungsgroesse-500ml","8":"first","9":"instock","10":"shipping-taxable","11":"purchasable","12":"product-type-simple"},"acf":[],"_links":{"self":[{"href":"https:\/\/www.hirtenberg-apotheke.at\/katalog\/wp-json\/wp\/v2\/product\/58248","targetHints":{"allow":["GET"]}}],"collection":[{"href":"https:\/\/www.hirtenberg-apotheke.at\/katalog\/wp-json\/wp\/v2\/product"}],"about":[{"href":"https:\/\/www.hirtenberg-apotheke.at\/katalog\/wp-json\/wp\/v2\/types\/product"}],"wp:attachment":[{"href":"https:\/\/www.hirtenberg-apotheke.at\/katalog\/wp-json\/wp\/v2\/media?parent=58248"}],"wp:term":[{"taxonomy":"product_brand","embeddable":true,"href":"https:\/\/www.hirtenberg-apotheke.at\/katalog\/wp-json\/wp\/v2\/product_brand?post=58248"},{"taxonomy":"product_cat","embeddable":true,"href":"https:\/\/www.hirtenberg-apotheke.at\/katalog\/wp-json\/wp\/v2\/product_cat?post=58248"},{"taxonomy":"product_tag","embeddable":true,"href":"https:\/\/www.hirtenberg-apotheke.at\/katalog\/wp-json\/wp\/v2\/product_tag?post=58248"}],"curies":[{"name":"wp","href":"https:\/\/api.w.org\/{rel}","templated":true}]}}