{"id":58278,"date":"2025-11-26T17:35:47","date_gmt":"2025-11-26T16:35:47","guid":{"rendered":"https:\/\/www.hirtenberg-apotheke.at\/katalog\/produkt\/life-light-noni-wildfrucht-saft-500-ml-bio\/"},"modified":"2025-11-26T17:36:31","modified_gmt":"2025-11-26T16:36:31","slug":"life-light-noni-wildfrucht-saft-500-ml-bio","status":"publish","type":"product","link":"https:\/\/www.hirtenberg-apotheke.at\/katalog\/produkt\/life-light-noni-wildfrucht-saft-500-ml-bio\/","title":{"rendered":"Life Light Noni Wildfrucht Saft 500 ml BIO"},"content":{"rendered":"<p>Life Light Noni Wildfrucht Saft versorgt den K\u00f6rper mit wichtigen Botenstoffen. Dem Saft werden viele gesundheitsf\u00f6rdernde und heilende Wirkungen nachgesagt. Der Saft \u00fcberzeugt vor allem durch sein breites Wirkungsspektrum.<\/p>\n","protected":false},"excerpt":{"rendered":"<p>Life Light Noni Wildfrucht Saft versorgt den K\u00f6rper mit wichtigen Botenstoffen. Dem Saft werden viele gesundheitsf\u00f6rdernde und heilende Wirkungen nachgesagt. Der Saft \u00fcberzeugt vor allem durch sein breites Wirkungsspektrum.<\/p>\n","protected":false},"featured_media":0,"template":"","meta":{"_acf_changed":false},"product_brand":[],"product_cat":[317],"product_tag":[],"class_list":{"0":"post-58278","1":"product","2":"type-product","3":"status-publish","5":"product_cat-l","6":"pa_packungsgroesse-500ml","8":"first","9":"instock","10":"shipping-taxable","11":"purchasable","12":"product-type-simple"},"acf":[],"_links":{"self":[{"href":"https:\/\/www.hirtenberg-apotheke.at\/katalog\/wp-json\/wp\/v2\/product\/58278","targetHints":{"allow":["GET"]}}],"collection":[{"href":"https:\/\/www.hirtenberg-apotheke.at\/katalog\/wp-json\/wp\/v2\/product"}],"about":[{"href":"https:\/\/www.hirtenberg-apotheke.at\/katalog\/wp-json\/wp\/v2\/types\/product"}],"wp:attachment":[{"href":"https:\/\/www.hirtenberg-apotheke.at\/katalog\/wp-json\/wp\/v2\/media?parent=58278"}],"wp:term":[{"taxonomy":"product_brand","embeddable":true,"href":"https:\/\/www.hirtenberg-apotheke.at\/katalog\/wp-json\/wp\/v2\/product_brand?post=58278"},{"taxonomy":"product_cat","embeddable":true,"href":"https:\/\/www.hirtenberg-apotheke.at\/katalog\/wp-json\/wp\/v2\/product_cat?post=58278"},{"taxonomy":"product_tag","embeddable":true,"href":"https:\/\/www.hirtenberg-apotheke.at\/katalog\/wp-json\/wp\/v2\/product_tag?post=58278"}],"curies":[{"name":"wp","href":"https:\/\/api.w.org\/{rel}","templated":true}]}}