{"id":58677,"date":"2025-11-26T17:44:17","date_gmt":"2025-11-26T16:44:17","guid":{"rendered":"https:\/\/www.hirtenberg-apotheke.at\/katalog\/produkt\/vasofix-venen-verweilkanuele-saf-g22-bla-50-stk\/"},"modified":"2025-11-26T17:44:22","modified_gmt":"2025-11-26T16:44:22","slug":"vasofix-venen-verweilkanuele-saf-g22-bla-50-stk","status":"publish","type":"product","link":"https:\/\/www.hirtenberg-apotheke.at\/katalog\/produkt\/vasofix-venen-verweilkanuele-saf-g22-bla-50-stk\/","title":{"rendered":"Vasofix Venen-Verweilkan\u00fcle SAF G22 BLA 50 Stk."},"content":{"rendered":"<p>Vasofix Venen-Verweilkan\u00fcle SAF G22 BLA ist mit einem Zuspritzventil ausgestattet. So wird ein sanfter \u00dcbergang zwischen Katheterrohr und Kan\u00fcle gew\u00e4hrleistet. Einzeln verpackt.<\/p>\n","protected":false},"excerpt":{"rendered":"<p>Vasofix Venen-Verweilkan\u00fcle SAF G22 BLA ist mit einem Zuspritzventil ausgestattet. So wird ein sanfter \u00dcbergang zwischen Katheterrohr und Kan\u00fcle gew\u00e4hrleistet. Einzeln verpackt.<\/p>\n","protected":false},"featured_media":0,"template":"","meta":{"_acf_changed":false},"product_brand":[],"product_cat":[300],"product_tag":[],"class_list":{"0":"post-58677","1":"product","2":"type-product","3":"status-publish","5":"product_cat-v","6":"pa_packungsgroesse-50-stueck","8":"first","9":"instock","10":"shipping-taxable","11":"purchasable","12":"product-type-simple"},"acf":[],"_links":{"self":[{"href":"https:\/\/www.hirtenberg-apotheke.at\/katalog\/wp-json\/wp\/v2\/product\/58677","targetHints":{"allow":["GET"]}}],"collection":[{"href":"https:\/\/www.hirtenberg-apotheke.at\/katalog\/wp-json\/wp\/v2\/product"}],"about":[{"href":"https:\/\/www.hirtenberg-apotheke.at\/katalog\/wp-json\/wp\/v2\/types\/product"}],"wp:attachment":[{"href":"https:\/\/www.hirtenberg-apotheke.at\/katalog\/wp-json\/wp\/v2\/media?parent=58677"}],"wp:term":[{"taxonomy":"product_brand","embeddable":true,"href":"https:\/\/www.hirtenberg-apotheke.at\/katalog\/wp-json\/wp\/v2\/product_brand?post=58677"},{"taxonomy":"product_cat","embeddable":true,"href":"https:\/\/www.hirtenberg-apotheke.at\/katalog\/wp-json\/wp\/v2\/product_cat?post=58677"},{"taxonomy":"product_tag","embeddable":true,"href":"https:\/\/www.hirtenberg-apotheke.at\/katalog\/wp-json\/wp\/v2\/product_tag?post=58677"}],"curies":[{"name":"wp","href":"https:\/\/api.w.org\/{rel}","templated":true}]}}