{"id":59036,"date":"2025-11-26T17:51:45","date_gmt":"2025-11-26T16:51:45","guid":{"rendered":"https:\/\/www.hirtenberg-apotheke.at\/katalog\/produkt\/fortimel-comp-fibre-125-erdbeer-24-stk\/"},"modified":"2025-11-26T17:51:48","modified_gmt":"2025-11-26T16:51:48","slug":"fortimel-comp-fibre-125-erdbeer-24-stk","status":"publish","type":"product","link":"https:\/\/www.hirtenberg-apotheke.at\/katalog\/produkt\/fortimel-comp-fibre-125-erdbeer-24-stk\/","title":{"rendered":"Fortimel Comp Fibre 125 Erdbeer 24 Stk."},"content":{"rendered":"<p>Fortimel bietet Patienten, die mehr Kalorien und N\u00e4hrstoffe ben\u00f6tigen, als sie \u00fcber die normale Kost aufnehmen k\u00f6nnen, eine vielf\u00e4ltige Auswahl an wohlschmeckenden Trinknahrungen.<\/p>\n","protected":false},"excerpt":{"rendered":"<p>Fortimel bietet Patienten, die mehr Kalorien und N\u00e4hrstoffe ben\u00f6tigen, als sie \u00fcber die normale Kost aufnehmen k\u00f6nnen, eine vielf\u00e4ltige Auswahl an wohlschmeckenden Trinknahrungen.<\/p>\n","protected":false},"featured_media":59038,"template":"","meta":{"_acf_changed":false},"product_brand":[943],"product_cat":[322],"product_tag":[],"class_list":{"0":"post-59036","1":"product","2":"type-product","3":"status-publish","4":"has-post-thumbnail","6":"product_brand-fortimel","7":"product_cat-f","8":"pa_geschmack-erdbeere","9":"pa_packungsgroesse-24-stueck","11":"first","12":"instock","13":"shipping-taxable","14":"purchasable","15":"product-type-simple"},"acf":[],"_links":{"self":[{"href":"https:\/\/www.hirtenberg-apotheke.at\/katalog\/wp-json\/wp\/v2\/product\/59036","targetHints":{"allow":["GET"]}}],"collection":[{"href":"https:\/\/www.hirtenberg-apotheke.at\/katalog\/wp-json\/wp\/v2\/product"}],"about":[{"href":"https:\/\/www.hirtenberg-apotheke.at\/katalog\/wp-json\/wp\/v2\/types\/product"}],"wp:featuredmedia":[{"embeddable":true,"href":"https:\/\/www.hirtenberg-apotheke.at\/katalog\/wp-json\/wp\/v2\/media\/59038"}],"wp:attachment":[{"href":"https:\/\/www.hirtenberg-apotheke.at\/katalog\/wp-json\/wp\/v2\/media?parent=59036"}],"wp:term":[{"taxonomy":"product_brand","embeddable":true,"href":"https:\/\/www.hirtenberg-apotheke.at\/katalog\/wp-json\/wp\/v2\/product_brand?post=59036"},{"taxonomy":"product_cat","embeddable":true,"href":"https:\/\/www.hirtenberg-apotheke.at\/katalog\/wp-json\/wp\/v2\/product_cat?post=59036"},{"taxonomy":"product_tag","embeddable":true,"href":"https:\/\/www.hirtenberg-apotheke.at\/katalog\/wp-json\/wp\/v2\/product_tag?post=59036"}],"curies":[{"name":"wp","href":"https:\/\/api.w.org\/{rel}","templated":true}]}}