{"id":59053,"date":"2025-11-26T17:51:45","date_gmt":"2025-11-26T16:51:45","guid":{"rendered":"https:\/\/www.hirtenberg-apotheke.at\/katalog\/produkt\/espara-vitamin-b12-kapseln-100-stk\/"},"modified":"2025-11-26T17:52:23","modified_gmt":"2025-11-26T16:52:23","slug":"espara-vitamin-b12-kapseln-100-stk","status":"publish","type":"product","link":"https:\/\/www.hirtenberg-apotheke.at\/katalog\/produkt\/espara-vitamin-b12-kapseln-100-stk\/","title":{"rendered":"Espara Vitamin B12 Kapseln 100 Stk."},"content":{"rendered":"<p>Vitamin B12 Kapseln enthalten neben dem Vitamin B12 unter anderem  Methylcobalamin. In Kombination tragen die Inhaltsstoffe zu einer normalen Funktion des Nerven- und Immunsystems, sowie einer normalen Energieproduktion und Blutbildung bei. Au\u00dferdem reduzieren sie M\u00fcdigkeit und Erm\u00fcdung &#8211; alle Produkte von Espara mit hohem Rabatt bestellen!<\/p>\n","protected":false},"excerpt":{"rendered":"<p>Vitamin B12 Kapseln enthalten neben dem Vitamin B12 unter anderem Methylcobalamin. In Kombination tragen die Inhaltsstoffe zu einer normalen Funktion des Nerven- und Immunsystems, sowie einer normalen Energieproduktion und Blutbildung bei. Au\u00dferdem reduzieren sie M\u00fcdigkeit und Erm\u00fcdung &#8211; alle Produkte von Espara mit hohem Rabatt bestellen!<\/p>\n","protected":false},"featured_media":59055,"template":"","meta":{"_acf_changed":false},"product_brand":[341],"product_cat":[307],"product_tag":[],"class_list":{"0":"post-59053","1":"product","2":"type-product","3":"status-publish","4":"has-post-thumbnail","6":"product_brand-espara","7":"product_cat-e","8":"pa_packungsgroesse-100-stueck","10":"first","11":"instock","12":"shipping-taxable","13":"purchasable","14":"product-type-simple"},"acf":[],"_links":{"self":[{"href":"https:\/\/www.hirtenberg-apotheke.at\/katalog\/wp-json\/wp\/v2\/product\/59053","targetHints":{"allow":["GET"]}}],"collection":[{"href":"https:\/\/www.hirtenberg-apotheke.at\/katalog\/wp-json\/wp\/v2\/product"}],"about":[{"href":"https:\/\/www.hirtenberg-apotheke.at\/katalog\/wp-json\/wp\/v2\/types\/product"}],"wp:featuredmedia":[{"embeddable":true,"href":"https:\/\/www.hirtenberg-apotheke.at\/katalog\/wp-json\/wp\/v2\/media\/59055"}],"wp:attachment":[{"href":"https:\/\/www.hirtenberg-apotheke.at\/katalog\/wp-json\/wp\/v2\/media?parent=59053"}],"wp:term":[{"taxonomy":"product_brand","embeddable":true,"href":"https:\/\/www.hirtenberg-apotheke.at\/katalog\/wp-json\/wp\/v2\/product_brand?post=59053"},{"taxonomy":"product_cat","embeddable":true,"href":"https:\/\/www.hirtenberg-apotheke.at\/katalog\/wp-json\/wp\/v2\/product_cat?post=59053"},{"taxonomy":"product_tag","embeddable":true,"href":"https:\/\/www.hirtenberg-apotheke.at\/katalog\/wp-json\/wp\/v2\/product_tag?post=59053"}],"curies":[{"name":"wp","href":"https:\/\/api.w.org\/{rel}","templated":true}]}}