{"id":59266,"date":"2025-11-26T17:56:19","date_gmt":"2025-11-26T16:56:19","guid":{"rendered":"https:\/\/www.hirtenberg-apotheke.at\/katalog\/produkt\/l-serin-500mg-kapseln\/"},"modified":"2025-11-26T17:56:31","modified_gmt":"2025-11-26T16:56:31","slug":"l-serin-500mg-kapseln","status":"publish","type":"product","link":"https:\/\/www.hirtenberg-apotheke.at\/katalog\/produkt\/l-serin-500mg-kapseln\/","title":{"rendered":"L &#8211; Serin 500mg Kapseln"},"content":{"rendered":"<p>Gall Pharma L-Serin 500 mg Kapseln enthalten 500 mg L-Serin in einer Hartgelatinekapsel. Bedeutung hat L-Serin f\u00fcr die Bildung von Phosphatiden und Sphingosin. Dies sind phosphors\u00e4ureh\u00e4ltige Verbindungen, die einen Bestandteil des Nervengewebes und des Gehirns darstellen.<\/p>\n","protected":false},"excerpt":{"rendered":"<p>Gall Pharma L-Serin 500 mg Kapseln enthalten 500 mg L-Serin in einer Hartgelatinekapsel. Bedeutung hat L-Serin f\u00fcr die Bildung von Phosphatiden und Sphingosin. Dies sind phosphors\u00e4ureh\u00e4ltige Verbindungen, die einen Bestandteil des Nervengewebes und des Gehirns darstellen.<\/p>\n","protected":false},"featured_media":59268,"template":"","meta":{"_acf_changed":false},"product_brand":[316],"product_cat":[317],"product_tag":[],"class_list":{"0":"post-59266","1":"product","2":"type-product","3":"status-publish","4":"has-post-thumbnail","6":"product_brand-gall-pharma","7":"product_cat-l","8":"pa_packungsgroesse-60-stueck","10":"first","11":"instock","12":"shipping-taxable","13":"purchasable","14":"product-type-simple"},"acf":[],"_links":{"self":[{"href":"https:\/\/www.hirtenberg-apotheke.at\/katalog\/wp-json\/wp\/v2\/product\/59266","targetHints":{"allow":["GET"]}}],"collection":[{"href":"https:\/\/www.hirtenberg-apotheke.at\/katalog\/wp-json\/wp\/v2\/product"}],"about":[{"href":"https:\/\/www.hirtenberg-apotheke.at\/katalog\/wp-json\/wp\/v2\/types\/product"}],"wp:featuredmedia":[{"embeddable":true,"href":"https:\/\/www.hirtenberg-apotheke.at\/katalog\/wp-json\/wp\/v2\/media\/59268"}],"wp:attachment":[{"href":"https:\/\/www.hirtenberg-apotheke.at\/katalog\/wp-json\/wp\/v2\/media?parent=59266"}],"wp:term":[{"taxonomy":"product_brand","embeddable":true,"href":"https:\/\/www.hirtenberg-apotheke.at\/katalog\/wp-json\/wp\/v2\/product_brand?post=59266"},{"taxonomy":"product_cat","embeddable":true,"href":"https:\/\/www.hirtenberg-apotheke.at\/katalog\/wp-json\/wp\/v2\/product_cat?post=59266"},{"taxonomy":"product_tag","embeddable":true,"href":"https:\/\/www.hirtenberg-apotheke.at\/katalog\/wp-json\/wp\/v2\/product_tag?post=59266"}],"curies":[{"name":"wp","href":"https:\/\/api.w.org\/{rel}","templated":true}]}}