{"id":59695,"date":"2025-11-26T18:54:33","date_gmt":"2025-11-26T17:54:33","guid":{"rendered":"https:\/\/www.hirtenberg-apotheke.at\/katalog\/produkt\/nuxe-men-after-shave-balsam-50-ml\/"},"modified":"2025-11-26T18:54:43","modified_gmt":"2025-11-26T17:54:43","slug":"nuxe-men-after-shave-balsam-50-ml","status":"publish","type":"product","link":"https:\/\/www.hirtenberg-apotheke.at\/katalog\/produkt\/nuxe-men-after-shave-balsam-50-ml\/","title":{"rendered":"Nuxe Men After-Shave-Balsam 50 ml"},"content":{"rendered":"<p>Nuxe Men After-Shave-Balsam mit Extrakten aus Eiche und Wei\u00dfbuche lindert sanft Irritationen und wirkt Rasurbrand entgegen. Es versorgt die Haut 24 Stunden lang mit Feuchtigkeit und reduziert sichtbare Anzeichen von Stress und M\u00fcdigkeit. Verwenden Sie das After-Shave-Balsam mit seiner maskulinen und holzigen Duftnote t\u00e4glich auch als Feuchtigkeitscreme f\u00fcr das Gesicht.<\/p>\n","protected":false},"excerpt":{"rendered":"<p>Nuxe Men After-Shave-Balsam mit Extrakten aus Eiche und Wei\u00dfbuche lindert sanft Irritationen und wirkt Rasurbrand entgegen. Es versorgt die Haut 24 Stunden lang mit Feuchtigkeit und reduziert sichtbare Anzeichen von Stress und M\u00fcdigkeit. Verwenden Sie das After-Shave-Balsam mit seiner maskulinen und holzigen Duftnote t\u00e4glich auch als Feuchtigkeitscreme f\u00fcr das Gesicht.<\/p>\n","protected":false},"featured_media":59697,"template":"","meta":{"_acf_changed":false},"product_brand":[720],"product_cat":[310],"product_tag":[],"class_list":{"0":"post-59695","1":"product","2":"type-product","3":"status-publish","4":"has-post-thumbnail","6":"product_brand-nuxe","7":"product_cat-n","8":"pa_packungsgroesse-50ml","10":"first","11":"instock","12":"shipping-taxable","13":"purchasable","14":"product-type-simple"},"acf":[],"_links":{"self":[{"href":"https:\/\/www.hirtenberg-apotheke.at\/katalog\/wp-json\/wp\/v2\/product\/59695","targetHints":{"allow":["GET"]}}],"collection":[{"href":"https:\/\/www.hirtenberg-apotheke.at\/katalog\/wp-json\/wp\/v2\/product"}],"about":[{"href":"https:\/\/www.hirtenberg-apotheke.at\/katalog\/wp-json\/wp\/v2\/types\/product"}],"wp:featuredmedia":[{"embeddable":true,"href":"https:\/\/www.hirtenberg-apotheke.at\/katalog\/wp-json\/wp\/v2\/media\/59697"}],"wp:attachment":[{"href":"https:\/\/www.hirtenberg-apotheke.at\/katalog\/wp-json\/wp\/v2\/media?parent=59695"}],"wp:term":[{"taxonomy":"product_brand","embeddable":true,"href":"https:\/\/www.hirtenberg-apotheke.at\/katalog\/wp-json\/wp\/v2\/product_brand?post=59695"},{"taxonomy":"product_cat","embeddable":true,"href":"https:\/\/www.hirtenberg-apotheke.at\/katalog\/wp-json\/wp\/v2\/product_cat?post=59695"},{"taxonomy":"product_tag","embeddable":true,"href":"https:\/\/www.hirtenberg-apotheke.at\/katalog\/wp-json\/wp\/v2\/product_tag?post=59695"}],"curies":[{"name":"wp","href":"https:\/\/api.w.org\/{rel}","templated":true}]}}