{"id":59988,"date":"2025-11-26T18:59:53","date_gmt":"2025-11-26T17:59:53","guid":{"rendered":"https:\/\/www.hirtenberg-apotheke.at\/katalog\/produkt\/life-light-alpensegen-baerlauch-kraeuterdestillat-50-ml\/"},"modified":"2025-11-26T18:59:58","modified_gmt":"2025-11-26T17:59:58","slug":"life-light-alpensegen-baerlauch-kraeuterdestillat-50-ml","status":"publish","type":"product","link":"https:\/\/www.hirtenberg-apotheke.at\/katalog\/produkt\/life-light-alpensegen-baerlauch-kraeuterdestillat-50-ml\/","title":{"rendered":"Life Light Alpensegen B\u00e4rlauch Kr\u00e4uterdestillat 50 ml"},"content":{"rendered":"<p>B\u00e4rlauch Kr\u00e4uterdestillat ist hochwertiges Kr\u00e4uterdestillat nach Paracelsus aus frischem B\u00e4rlauch. Die schwefelhaltige Heilpflanze ist energetisch wirksam. B\u00e4rlauch wird sehr gerne bei Magen-Darmst\u00f6rungen eingesetzt. Dar\u00fcber hinaus wirkt er sich positiv auf Verdauung, Atemwege, Leber, Galle, Darm und Magen aus.<\/p>\n","protected":false},"excerpt":{"rendered":"<p>B\u00e4rlauch Kr\u00e4uterdestillat ist hochwertiges Kr\u00e4uterdestillat nach Paracelsus aus frischem B\u00e4rlauch. Die schwefelhaltige Heilpflanze ist energetisch wirksam. B\u00e4rlauch wird sehr gerne bei Magen-Darmst\u00f6rungen eingesetzt. Dar\u00fcber hinaus wirkt er sich positiv auf Verdauung, Atemwege, Leber, Galle, Darm und Magen aus.<\/p>\n","protected":false},"featured_media":59990,"template":"","meta":{"_acf_changed":false},"product_brand":[],"product_cat":[317],"product_tag":[],"class_list":{"0":"post-59988","1":"product","2":"type-product","3":"status-publish","4":"has-post-thumbnail","6":"product_cat-l","7":"pa_packungsgroesse-50ml","9":"first","10":"instock","11":"shipping-taxable","12":"purchasable","13":"product-type-simple"},"acf":[],"_links":{"self":[{"href":"https:\/\/www.hirtenberg-apotheke.at\/katalog\/wp-json\/wp\/v2\/product\/59988","targetHints":{"allow":["GET"]}}],"collection":[{"href":"https:\/\/www.hirtenberg-apotheke.at\/katalog\/wp-json\/wp\/v2\/product"}],"about":[{"href":"https:\/\/www.hirtenberg-apotheke.at\/katalog\/wp-json\/wp\/v2\/types\/product"}],"wp:featuredmedia":[{"embeddable":true,"href":"https:\/\/www.hirtenberg-apotheke.at\/katalog\/wp-json\/wp\/v2\/media\/59990"}],"wp:attachment":[{"href":"https:\/\/www.hirtenberg-apotheke.at\/katalog\/wp-json\/wp\/v2\/media?parent=59988"}],"wp:term":[{"taxonomy":"product_brand","embeddable":true,"href":"https:\/\/www.hirtenberg-apotheke.at\/katalog\/wp-json\/wp\/v2\/product_brand?post=59988"},{"taxonomy":"product_cat","embeddable":true,"href":"https:\/\/www.hirtenberg-apotheke.at\/katalog\/wp-json\/wp\/v2\/product_cat?post=59988"},{"taxonomy":"product_tag","embeddable":true,"href":"https:\/\/www.hirtenberg-apotheke.at\/katalog\/wp-json\/wp\/v2\/product_tag?post=59988"}],"curies":[{"name":"wp","href":"https:\/\/api.w.org\/{rel}","templated":true}]}}